{"id":922,"date":"2019-02-15T10:48:41","date_gmt":"2019-02-15T10:48:41","guid":{"rendered":"https:\/\/www.acidh.org\/areaeducativa\/wp-content\/uploads\/sites\/2\/2019\/02\/audi\u00e8ncia.jpg"},"modified":"2019-02-15T10:50:29","modified_gmt":"2019-02-15T10:50:29","slug":"audiencia","status":"inherit","type":"attachment","link":"https:\/\/acidh.org\/areaeducativa\/general-educativa\/trobada-intercentres-xxiv-projecte-audiencia-publica-als-nois-i-noies-barcelona-ciutat-de-pau\/attachment\/audiencia\/","title":{"rendered":"Alumnes participant a la trobada d&#8217;intercentres, dins del projecte d&#8217;audi\u00e8ncia p\u00fablica."},"author":13,"featured_media":0,"comment_status":"open","ping_status":"closed","template":"","meta":{"_et_pb_use_builder":"","_et_pb_old_content":"","_et_gb_content_width":""},"class_list":["post-922","attachment","type-attachment","status-inherit","hentry"],"yoast_head":"<!-- This site is optimized with the Yoast SEO plugin v27.4 - https:\/\/yoast.com\/product\/yoast-seo-wordpress\/ -->\n<title>Alumnes participant a la trobada d&#039;intercentres, dins del projecte d&#039;audi\u00e8ncia p\u00fablica. - \u00c0rea Educativa<\/title>\n<meta name=\"robots\" content=\"index, follow, max-snippet:-1, max-image-preview:large, max-video-preview:-1\" \/>\n<link rel=\"canonical\" href=\"https:\/\/acidh.org\/areaeducativa\/wp-content\/uploads\/sites\/2\/2019\/02\/audi\u00e8ncia.jpg\" \/>\n<meta property=\"og:locale\" content=\"es_ES\" \/>\n<meta property=\"og:type\" content=\"article\" \/>\n<meta property=\"og:title\" content=\"Alumnes participant a la trobada d&#039;intercentres, dins del projecte d&#039;audi\u00e8ncia p\u00fablica. - \u00c0rea Educativa\" \/>\n<meta property=\"og:url\" content=\"https:\/\/acidh.org\/areaeducativa\/wp-content\/uploads\/sites\/2\/2019\/02\/audi\u00e8ncia.jpg\" \/>\n<meta property=\"og:site_name\" content=\"\u00c0rea Educativa\" \/>\n<meta property=\"article:modified_time\" content=\"2019-02-15T10:50:29+00:00\" \/>\n<meta property=\"og:image\" content=\"https:\/\/acidh.org\/areaeducativa\/wp-content\/uploads\/sites\/2\/2019\/02\/audi\u00e8ncia.jpg\" \/>\n\t<meta property=\"og:image:width\" content=\"240\" \/>\n\t<meta property=\"og:image:height\" content=\"320\" \/>\n\t<meta property=\"og:image:type\" content=\"image\/jpeg\" \/>\n<meta name=\"twitter:card\" content=\"summary_large_image\" \/>\n<script type=\"application\/ld+json\" class=\"yoast-schema-graph\">{\"@context\":\"https:\\\/\\\/schema.org\",\"@graph\":[{\"@type\":\"WebPage\",\"@id\":\"https:\\\/\\\/acidh.org\\\/areaeducativa\\\/wp-content\\\/uploads\\\/sites\\\/2\\\/2019\\\/02\\\/audi\u00e8ncia.jpg\",\"url\":\"https:\\\/\\\/acidh.org\\\/areaeducativa\\\/wp-content\\\/uploads\\\/sites\\\/2\\\/2019\\\/02\\\/audi\u00e8ncia.jpg\",\"name\":\"Alumnes participant a la trobada d'intercentres, dins del projecte d'audi\u00e8ncia p\u00fablica. - \u00c0rea Educativa\",\"isPartOf\":{\"@id\":\"https:\\\/\\\/acidh.org\\\/areaeducativa\\\/es\\\/#website\"},\"datePublished\":\"2019-02-15T10:48:41+00:00\",\"dateModified\":\"2019-02-15T10:50:29+00:00\",\"breadcrumb\":{\"@id\":\"https:\\\/\\\/acidh.org\\\/areaeducativa\\\/wp-content\\\/uploads\\\/sites\\\/2\\\/2019\\\/02\\\/audi\u00e8ncia.jpg#breadcrumb\"},\"inLanguage\":\"es\",\"potentialAction\":[{\"@type\":\"ReadAction\",\"target\":[\"https:\\\/\\\/acidh.org\\\/areaeducativa\\\/wp-content\\\/uploads\\\/sites\\\/2\\\/2019\\\/02\\\/audi\u00e8ncia.jpg\"]}]},{\"@type\":\"BreadcrumbList\",\"@id\":\"https:\\\/\\\/acidh.org\\\/areaeducativa\\\/wp-content\\\/uploads\\\/sites\\\/2\\\/2019\\\/02\\\/audi\u00e8ncia.jpg#breadcrumb\",\"itemListElement\":[{\"@type\":\"ListItem\",\"position\":1,\"name\":\"Portada\",\"item\":\"https:\\\/\\\/acidh.org\\\/areaeducativa\\\/\"},{\"@type\":\"ListItem\",\"position\":2,\"name\":\"Trobada d&#8217;intercentres. XXIV Projecte Audi\u00e8ncia P\u00fablica als nois i noies: Barcelona ciutat de pau.\",\"item\":\"https:\\\/\\\/acidh.org\\\/areaeducativa\\\/general-educativa\\\/trobada-intercentres-xxiv-projecte-audiencia-publica-als-nois-i-noies-barcelona-ciutat-de-pau\\\/\"},{\"@type\":\"ListItem\",\"position\":3,\"name\":\"Alumnes participant a la trobada d&#8217;intercentres, dins del projecte d&#8217;audi\u00e8ncia p\u00fablica.\"}]},{\"@type\":\"WebSite\",\"@id\":\"https:\\\/\\\/acidh.org\\\/areaeducativa\\\/es\\\/#website\",\"url\":\"https:\\\/\\\/acidh.org\\\/areaeducativa\\\/es\\\/\",\"name\":\"\u00c0rea Educativa\",\"description\":\"AcidH\",\"potentialAction\":[{\"@type\":\"SearchAction\",\"target\":{\"@type\":\"EntryPoint\",\"urlTemplate\":\"https:\\\/\\\/acidh.org\\\/areaeducativa\\\/es\\\/?s={search_term_string}\"},\"query-input\":{\"@type\":\"PropertyValueSpecification\",\"valueRequired\":true,\"valueName\":\"search_term_string\"}}],\"inLanguage\":\"es\"}]}<\/script>\n<!-- \/ Yoast SEO plugin. -->","yoast_head_json":{"title":"Alumnes participant a la trobada d'intercentres, dins del projecte d'audi\u00e8ncia p\u00fablica. - \u00c0rea Educativa","robots":{"index":"index","follow":"follow","max-snippet":"max-snippet:-1","max-image-preview":"max-image-preview:large","max-video-preview":"max-video-preview:-1"},"canonical":"https:\/\/acidh.org\/areaeducativa\/wp-content\/uploads\/sites\/2\/2019\/02\/audi\u00e8ncia.jpg","og_locale":"es_ES","og_type":"article","og_title":"Alumnes participant a la trobada d'intercentres, dins del projecte d'audi\u00e8ncia p\u00fablica. - \u00c0rea Educativa","og_url":"https:\/\/acidh.org\/areaeducativa\/wp-content\/uploads\/sites\/2\/2019\/02\/audi\u00e8ncia.jpg","og_site_name":"\u00c0rea Educativa","article_modified_time":"2019-02-15T10:50:29+00:00","og_image":[{"width":240,"height":320,"url":"https:\/\/acidh.org\/areaeducativa\/wp-content\/uploads\/sites\/2\/2019\/02\/audi\u00e8ncia.jpg","type":"image\/jpeg"}],"twitter_card":"summary_large_image","schema":{"@context":"https:\/\/schema.org","@graph":[{"@type":"WebPage","@id":"https:\/\/acidh.org\/areaeducativa\/wp-content\/uploads\/sites\/2\/2019\/02\/audi\u00e8ncia.jpg","url":"https:\/\/acidh.org\/areaeducativa\/wp-content\/uploads\/sites\/2\/2019\/02\/audi\u00e8ncia.jpg","name":"Alumnes participant a la trobada d'intercentres, dins del projecte d'audi\u00e8ncia p\u00fablica. - \u00c0rea Educativa","isPartOf":{"@id":"https:\/\/acidh.org\/areaeducativa\/es\/#website"},"datePublished":"2019-02-15T10:48:41+00:00","dateModified":"2019-02-15T10:50:29+00:00","breadcrumb":{"@id":"https:\/\/acidh.org\/areaeducativa\/wp-content\/uploads\/sites\/2\/2019\/02\/audi\u00e8ncia.jpg#breadcrumb"},"inLanguage":"es","potentialAction":[{"@type":"ReadAction","target":["https:\/\/acidh.org\/areaeducativa\/wp-content\/uploads\/sites\/2\/2019\/02\/audi\u00e8ncia.jpg"]}]},{"@type":"BreadcrumbList","@id":"https:\/\/acidh.org\/areaeducativa\/wp-content\/uploads\/sites\/2\/2019\/02\/audi\u00e8ncia.jpg#breadcrumb","itemListElement":[{"@type":"ListItem","position":1,"name":"Portada","item":"https:\/\/acidh.org\/areaeducativa\/"},{"@type":"ListItem","position":2,"name":"Trobada d&#8217;intercentres. XXIV Projecte Audi\u00e8ncia P\u00fablica als nois i noies: Barcelona ciutat de pau.","item":"https:\/\/acidh.org\/areaeducativa\/general-educativa\/trobada-intercentres-xxiv-projecte-audiencia-publica-als-nois-i-noies-barcelona-ciutat-de-pau\/"},{"@type":"ListItem","position":3,"name":"Alumnes participant a la trobada d&#8217;intercentres, dins del projecte d&#8217;audi\u00e8ncia p\u00fablica."}]},{"@type":"WebSite","@id":"https:\/\/acidh.org\/areaeducativa\/es\/#website","url":"https:\/\/acidh.org\/areaeducativa\/es\/","name":"\u00c0rea Educativa","description":"AcidH","potentialAction":[{"@type":"SearchAction","target":{"@type":"EntryPoint","urlTemplate":"https:\/\/acidh.org\/areaeducativa\/es\/?s={search_term_string}"},"query-input":{"@type":"PropertyValueSpecification","valueRequired":true,"valueName":"search_term_string"}}],"inLanguage":"es"}]}},"smush":{"stats":{"percent":0.6728425158459288,"bytes":414,"size_before":61530,"size_after":61116,"time":0.05,"api_version":"1.0","lossy":false,"keep_exif":0},"sizes":{"thumbnail":{"percent":0,"bytes":0,"size_before":7990,"size_after":7990,"time":0.01},"medium":{"percent":0.28,"bytes":47,"size_before":16699,"size_after":16652,"time":0.01},"et-pb-post-main-image":{"percent":0.83,"bytes":148,"size_before":17884,"size_after":17736,"time":0.01},"et-pb-portfolio-image":{"percent":1.16,"bytes":219,"size_before":18957,"size_after":18738,"time":0.02}}},"description":{"rendered":"<p class=\"attachment\"><a href='https:\/\/acidh.org\/areaeducativa\/wp-content\/uploads\/sites\/2\/2019\/02\/audi\u00e8ncia.jpg'><img loading=\"lazy\" decoding=\"async\" width=\"225\" height=\"300\" src=\"https:\/\/acidh.org\/areaeducativa\/wp-content\/uploads\/sites\/2\/2019\/02\/audi\u00e8ncia-225x300.jpg\" class=\"attachment-medium size-medium\" alt=\"\" srcset=\"https:\/\/acidh.org\/areaeducativa\/wp-content\/uploads\/sites\/2\/2019\/02\/audi\u00e8ncia-225x300.jpg 225w, https:\/\/acidh.org\/areaeducativa\/wp-content\/uploads\/sites\/2\/2019\/02\/audi\u00e8ncia.jpg 240w\" sizes=\"(max-width: 225px) 100vw, 225px\" \/><\/a><\/p>\n"},"caption":{"rendered":""},"alt_text":"","media_type":"image","mime_type":"image\/jpeg","media_details":{"width":240,"height":320,"file":"2019\/02\/audi\u00e8ncia.jpg","sizes":{"thumbnail":{"file":"audi\u00e8ncia-150x150.jpg","width":150,"height":150,"mime_type":"image\/jpeg","source_url":"https:\/\/acidh.org\/areaeducativa\/wp-content\/uploads\/sites\/2\/2019\/02\/audi\u00e8ncia-150x150.jpg"},"medium":{"file":"audi\u00e8ncia-225x300.jpg","width":225,"height":300,"mime_type":"image\/jpeg","source_url":"https:\/\/acidh.org\/areaeducativa\/wp-content\/uploads\/sites\/2\/2019\/02\/audi\u00e8ncia-225x300.jpg"},"et-pb-post-main-image":{"file":"audi\u00e8ncia-240x250.jpg","width":240,"height":250,"mime_type":"image\/jpeg","source_url":"https:\/\/acidh.org\/areaeducativa\/wp-content\/uploads\/sites\/2\/2019\/02\/audi\u00e8ncia-240x250.jpg"},"et-pb-portfolio-image":{"file":"audi\u00e8ncia-240x284.jpg","width":240,"height":284,"mime_type":"image\/jpeg","source_url":"https:\/\/acidh.org\/areaeducativa\/wp-content\/uploads\/sites\/2\/2019\/02\/audi\u00e8ncia-240x284.jpg"},"full":{"file":"audi\u00e8ncia.jpg","width":240,"height":320,"mime_type":"image\/jpeg","source_url":"https:\/\/acidh.org\/areaeducativa\/wp-content\/uploads\/sites\/2\/2019\/02\/audi\u00e8ncia.jpg"}},"image_meta":{"aperture":"0","credit":"","camera":"","caption":"","created_timestamp":"0","copyright":"","focal_length":"0","iso":"0","shutter_speed":"0","title":"","orientation":"0","keywords":[]}},"post":921,"source_url":"https:\/\/acidh.org\/areaeducativa\/wp-content\/uploads\/sites\/2\/2019\/02\/audi\u00e8ncia.jpg","_links":{"self":[{"href":"https:\/\/acidh.org\/areaeducativa\/wp-json\/wp\/v2\/media\/922","targetHints":{"allow":["GET"]}}],"collection":[{"href":"https:\/\/acidh.org\/areaeducativa\/wp-json\/wp\/v2\/media"}],"about":[{"href":"https:\/\/acidh.org\/areaeducativa\/wp-json\/wp\/v2\/types\/attachment"}],"author":[{"embeddable":true,"href":"https:\/\/acidh.org\/areaeducativa\/wp-json\/wp\/v2\/users\/13"}],"replies":[{"embeddable":true,"href":"https:\/\/acidh.org\/areaeducativa\/wp-json\/wp\/v2\/comments?post=922"}],"wp:attached-to":[{"embeddable":true,"post_type":"post","id":921,"href":"https:\/\/acidh.org\/areaeducativa\/wp-json\/wp\/v2\/posts\/921"}],"curies":[{"name":"wp","href":"https:\/\/api.w.org\/{rel}","templated":true}]}}

https://www.acidh.org/areaeducativa/wp-content/uploads/sites/2/2019/02/audiència.jpg

Alumnes participant a la trobada d&#8217;intercentres, dins del projecte d&#8217;audiència pública.

<!-- This site is optimized with the Yoast SEO plugin v27.4 - https://yoast.com/product/yoast-seo-wordpress/ -->
<title>Alumnes participant a la trobada d&#039;intercentres, dins del projecte d&#039;audiència pública. - Àrea Educativa</title>
<meta name="robots" content="index, follow, max-snippet:-1, max-image-preview:large, max-video-preview:-1" />
<link rel="canonical" href="https://acidh.org/areaeducativa/wp-content/uploads/sites/2/2019/02/audiència.jpg" />
<meta property="og:locale" content="es_ES" />
<meta property="og:type" content="article" />
<meta property="og:title" content="Alumnes participant a la trobada d&#039;intercentres, dins del projecte d&#039;audiència pública. - Àrea Educativa" />
<meta property="og:url" content="https://acidh.org/areaeducativa/wp-content/uploads/sites/2/2019/02/audiència.jpg" />
<meta property="og:site_name" content="Àrea Educativa" />
<meta property="article:modified_time" content="2019-02-15T10:50:29+00:00" />
<meta property="og:image" content="https://acidh.org/areaeducativa/wp-content/uploads/sites/2/2019/02/audiència.jpg" />
	<meta property="og:image:width" content="240" />
	<meta property="og:image:height" content="320" />
	<meta property="og:image:type" content="image/jpeg" />
<meta name="twitter:card" content="summary_large_image" />
<script type="application/ld+json" class="yoast-schema-graph">{"@context":"https:\/\/schema.org","@graph":[{"@type":"WebPage","@id":"https:\/\/acidh.org\/areaeducativa\/wp-content\/uploads\/sites\/2\/2019\/02\/audiència.jpg","url":"https:\/\/acidh.org\/areaeducativa\/wp-content\/uploads\/sites\/2\/2019\/02\/audiència.jpg","name":"Alumnes participant a la trobada d'intercentres, dins del projecte d'audiència pública. - Àrea Educativa","isPartOf":{"@id":"https:\/\/acidh.org\/areaeducativa\/es\/#website"},"datePublished":"2019-02-15T10:48:41+00:00","dateModified":"2019-02-15T10:50:29+00:00","breadcrumb":{"@id":"https:\/\/acidh.org\/areaeducativa\/wp-content\/uploads\/sites\/2\/2019\/02\/audiència.jpg#breadcrumb"},"inLanguage":"es","potentialAction":[{"@type":"ReadAction","target":["https:\/\/acidh.org\/areaeducativa\/wp-content\/uploads\/sites\/2\/2019\/02\/audiència.jpg"]}]},{"@type":"BreadcrumbList","@id":"https:\/\/acidh.org\/areaeducativa\/wp-content\/uploads\/sites\/2\/2019\/02\/audiència.jpg#breadcrumb","itemListElement":[{"@type":"ListItem","position":1,"name":"Portada","item":"https:\/\/acidh.org\/areaeducativa\/"},{"@type":"ListItem","position":2,"name":"Trobada d&#8217;intercentres. XXIV Projecte Audiència Pública als nois i noies: Barcelona ciutat de pau.","item":"https:\/\/acidh.org\/areaeducativa\/general-educativa\/trobada-intercentres-xxiv-projecte-audiencia-publica-als-nois-i-noies-barcelona-ciutat-de-pau\/"},{"@type":"ListItem","position":3,"name":"Alumnes participant a la trobada d&#8217;intercentres, dins del projecte d&#8217;audiència pública."}]},{"@type":"WebSite","@id":"https:\/\/acidh.org\/areaeducativa\/es\/#website","url":"https:\/\/acidh.org\/areaeducativa\/es\/","name":"Àrea Educativa","description":"AcidH","potentialAction":[{"@type":"SearchAction","target":{"@type":"EntryPoint","urlTemplate":"https:\/\/acidh.org\/areaeducativa\/es\/?s={search_term_string}"},"query-input":{"@type":"PropertyValueSpecification","valueRequired":true,"valueName":"search_term_string"}}],"inLanguage":"es"}]}</script>
<!-- / Yoast SEO plugin. -->

Alumnes participant a la trobada d'intercentres, dins del projecte d'audiència pública. - Àrea Educativa

https://acidh.org/areaeducativa/wp-content/uploads/sites/2/2019/02/audiència.jpg

Àrea Educativa

https://acidh.org/areaeducativa/wp-content/uploads/sites/2/2019/02/audiència.jpg#breadcrumb

Trobada d&#8217;intercentres. XXIV Projecte Audiència Pública als nois i noies: Barcelona ciutat de pau.

<p class="attachment"><a href='https://acidh.org/areaeducativa/wp-content/uploads/sites/2/2019/02/audiència.jpg'><img loading="lazy" decoding="async" width="225" height="300" src="https://acidh.org/areaeducativa/wp-content/uploads/sites/2/2019/02/audiència-225x300.jpg" class="attachment-medium size-medium" alt="" srcset="https://acidh.org/areaeducativa/wp-content/uploads/sites/2/2019/02/audiència-225x300.jpg 225w, https://acidh.org/areaeducativa/wp-content/uploads/sites/2/2019/02/audiència.jpg 240w" sizes="(max-width: 225px) 100vw, 225px" /></a></p>

2019/02/audiència.jpg

audiència-150x150.jpg

https://acidh.org/areaeducativa/wp-content/uploads/sites/2/2019/02/audiència-150x150.jpg

audiència-225x300.jpg

https://acidh.org/areaeducativa/wp-content/uploads/sites/2/2019/02/audiència-225x300.jpg

audiència-240x250.jpg

https://acidh.org/areaeducativa/wp-content/uploads/sites/2/2019/02/audiència-240x250.jpg

audiència-240x284.jpg

https://acidh.org/areaeducativa/wp-content/uploads/sites/2/2019/02/audiència-240x284.jpg

audiència.jpg
