{"id":152,"date":"2015-10-12T07:59:58","date_gmt":"2015-10-12T07:59:58","guid":{"rendered":"https:\/\/www.acidh.org\/areaeducativa\/politica-de-cookies\/"},"modified":"2022-06-12T14:40:50","modified_gmt":"2022-06-12T14:40:50","slug":"politica-de-cookies","status":"publish","type":"page","link":"https:\/\/acidh.org\/areaeducativa\/politica-de-cookies\/","title":{"rendered":"Pol\u00edtica de cookies"},"content":{"rendered":"<p>De conformitat amb la normativa espanyola que regula l&#8217;\u00fas de cookies amb relaci\u00f3 a la prestaci\u00f3 de serveis de comunicacions electr\u00f2niques, recollida a la Llei 34\/2002, d&#8217;11 de juliol, de serveis de la societat de la informaci\u00f3 i de comer\u00e7 electr\u00f2nic, us informem sobre les cookies utilitzades al lloc web l&#8217;<strong>Associaci\u00f3 Catalana d\u2019Integraci\u00f3 i Desenvolupament Hum\u00e0<\/strong> , amb domicili a Carrer de Siracusa, 53, 08012 Barcelona amb CIF. n\u00ba G-60531100 i inscrita al Registre de Fundacions de la Generalitat de Catalunya, amb el n\u00famero 15324.<\/p>\n<p>Segons la directiva de la UE, les galetes que requereixen el consentiment informat per part de l&#8217;usuari s\u00f3n les galetes d&#8217;anal\u00edtica i les de publicitat i afiliaci\u00f3, quedant exceptuades les de car\u00e0cter t\u00e8cnic i les necess\u00e0ries per al funcionament del lloc web o la prestaci\u00f3 de serveis expressament demanats per l&#8217;usuari.<\/p>\n<p>Queden exceptuades del compliment de les obligacions establertes a l&#8217;article 22.2 de la LSSI les cookies utilitzades per a alguna de les finalitats seg\u00fcents:<\/p>\n<ul>\n<li>Permetre \u00fanicament la comunicaci\u00f3 entre l&#8217;equip d&#8217;usuari i la xarxa.<\/li>\n<li>Estrictament, prestar un servei expressament sol\u00b7licitat per l\u2019usuari.<\/li>\n<\/ul>\n<p>En aquest sentit, el Grup de Treball de l&#8217;Article 29 al seu Dictamen 4\/20123 ha interpretat que entre les cookies exceptuades estarien aquelles que tenen per finalitat:<\/p>\n<ul>\n<li>Galetes d&#8217;entrada de l&#8217;usuari<\/li>\n<li>Galetes d&#8217;autenticaci\u00f3 o identificaci\u00f3 d&#8217;usuari (\u00fanicament de sessi\u00f3)<\/li>\n<li>Galetes de seguretat de l&#8217;usuari<\/li>\n<li>Galetes de sessi\u00f3 de reproductor multim\u00e8dia<\/li>\n<li>Galetes de sessi\u00f3 per equilibrar la c\u00e0rrega<\/li>\n<li>Galetes de personalitzaci\u00f3 de la interf\u00edcie d&#8217;usuari<\/li>\n<li>Galetes de complement (plug-in) per intercanviar continguts socials.<\/li>\n<\/ul>\n<h2><strong><u>Qu\u00e8 s\u00f3n les cookies?<\/u><\/strong><\/h2>\n<p>Les cookies s\u00f3n uns petits codis de programaci\u00f3 que s&#8217;instal\u00b7len als navegadors dels usuaris amb la finalitat d&#8217;emmagatzemar informaci\u00f3 d&#8217;\u00fas i navegaci\u00f3. Depenent de la informaci\u00f3 que continguin i de la manera com utilitzi el seu equip, es poden utilitzar per recon\u00e8ixer l&#8217;usuari. Les cookies s&#8217;associen \u00fanicament a un usuari an\u00f2nim i el seu ordinador o dispositiu i no proporcionen refer\u00e8ncies que permetin con\u00e8ixer les vostres dades personals.<\/p>\n<h3><strong><u>Tipus de cookies utilitzades en aquesta web<\/u><\/strong><\/h3>\n<p>Les cookies utilitzades al nostre lloc web s\u00f3n de sessi\u00f3 i de tercers, i ens permeten emmagatzemar i accedir a informaci\u00f3 relativa a l&#8217;idioma, el tipus de navegador utilitzat i altres caracter\u00edstiques generals predefinides per l&#8217;usuari, aix\u00ed com seguir i analitzar l&#8217;activitat que porta a terme per millorar i prestar els nostres serveis d&#8217;una manera m\u00e9s eficient i personalitzada. Les galetes usades tenen, en tot cas, car\u00e0cter temporal, amb l&#8217;\u00fanica finalitat de fer m\u00e9s efica\u00e7 la navegaci\u00f3. En cap cas aquestes cookies proporcionen per si mateixes dades de car\u00e0cter personal i no es fan servir per a la recollida d&#8217;aquests.<\/p>\n<p>Tipus de cookie s:<\/p>\n<p>Empresa\u00a0\u00a0\u00a0\u00a0\u00a0\u00a0\u00a0\u00a0\u00a0 Finalitat Informaci\u00f3<\/p>\n<p>_utma<\/p>\n<p>_utmb<\/p>\n<p>_utmc<\/p>\n<p>_utmz<\/p>\n<p>&nbsp;<\/p>\n<p>Google privacy<\/p>\n<p>Google Maps\u00a0\u00a0\u00a0 Google Cookie de localizaci\u00f3\u00a0\u00a0\u00a0 Google cookies<\/p>\n<p>Cookies inserides per altres canals socials:<\/p>\n<p>&nbsp;<\/p>\n<p>Tipus de cookie s:<\/p>\n<p>Empresa\u00a0\u00a0\u00a0\u00a0\u00a0\u00a0\u00a0\u00a0\u00a0 Finalitat Informaci\u00f3<\/p>\n<p>Twitter\u00a0 Visitant Twitter privacy<\/p>\n<p>Facebook\u00a0\u00a0\u00a0\u00a0\u00a0\u00a0\u00a0\u00a0 Visitant Facebook cookies<\/p>\n<p>Youtube\u00a0\u00a0\u00a0\u00a0\u00a0\u00a0\u00a0\u00a0\u00a0\u00a0 Visitant Google tech<\/p>\n<p>Gestionar cookies<\/p>\n<p>&nbsp;<\/p>\n<h3><strong><u>\u00das de les Cookies<\/u><\/strong><\/h3>\n<p>La utilitzaci\u00f3 de les cookies ofereix avantatges, com ara:<\/p>\n<p>\u2013 facilita a l&#8217;usuari la navegaci\u00f3 i l&#8217;acc\u00e9s als diferents serveis que ofereix aquest lloc web;<\/p>\n<p>\u2013 evita a l&#8217;usuari haver de configurar les caracter\u00edstiques generals predefinides cada cop que accedeix al lloc web; i<\/p>\n<p>\u2013 afavoreix la millora del funcionament i dels serveis prestats a trav\u00e9s d&#8217;aquest lloc web, despr\u00e9s de l&#8217;an\u00e0lisi corresponent de la informaci\u00f3 obtinguda a trav\u00e9s de les cookies instal\u00b7lades.<\/p>\n<p>En accedir a la nostra web se us informa que si segueix navegant se us instal\u00b7laran diverses cookies de tercers consentint aix\u00ed la instal\u00b7laci\u00f3 de determinades cookies que tindran com a \u00fanica finalitat la de registrar l&#8217;acc\u00e9s al nostre lloc web per a la realitzaci\u00f3 d&#8217;estad\u00edstiques an\u00f2nimes sobre les visites, recopilant informaci\u00f3 sempre de forma an\u00f2nima. No cal que accepteu la instal\u00b7laci\u00f3 d&#8217;aquestes cookies, podreu navegar igualment per tota la nostra web.<\/p>\n<p>A diverses seccions de la nostra web es podran instal\u00b7lar cookies de xarxes socials, segons el que disposa la seva pol\u00edtica de privadesa i \u00fas de cookies.<\/p>\n<h3><strong><u>Com deshabilitar les cookies?<\/u><\/strong><\/h3>\n<p>En tot moment podr\u00e0 accedir a la configuraci\u00f3 del seu navegador acceptant o rebutjant totes les cookies, o b\u00e9 seleccionar aquelles la instal\u00b7laci\u00f3 de les quals admet i quins no, seguint un dels procediments seg\u00fcents, que dep\u00e8n del navegador que utilitzi:<\/p>\n<p>\u2013 Internet Explorer (https:\/\/goo.gl\/iU2wh2)<\/p>\n<ul>\n<li>Al men\u00fa d&#8217;eines, seleccions \u201cOpcions d&#8217;Internet\u201d.<\/li>\n<\/ul>\n<p>Feu clic a la pestanya de privadesa.\u00b7 Podr\u00e0 configurar la privadesa amb un cursor amb sis posicions que us permet controlar la quantitat de cookies que s&#8217;instal\u00b7laran: Bloquejar totes les cookies, Alta, Media Alt, Media (nivell per defecte), Baixa i Acceptar totes les galetes.<\/p>\n<p>\u2013 Mozilla Firefox (http:\/\/goo.gl\/QXWYmv)<\/p>\n<ul>\n<li>A la part superior de la venda del Firefox feu clic al men\u00fa Eines. Seleccioneu Opcions.<\/li>\n<li>Seleccionar el panell Privadesa.<\/li>\n<li>A l&#8217;opci\u00f3 Firefox podreu triar utilitzar una configuraci\u00f3 personalitzada del vostre historial, aix\u00ed com altres q\u00fcestions relacionades amb la vostra Privadesa.<\/li>\n<\/ul>\n<p>\u2013 Google Chrome (http:\/\/goo.gl\/fQnkSB)<\/p>\n<ul>\n<li>Fer clic al men\u00fa situat a la barra d&#8217;eines.<\/li>\n<li>Seleccionar Configuraci\u00f3.<\/li>\n<li>Fer clic a Mostar opcions avan\u00e7ades.<\/li>\n<li>A la selecci\u00f3 \u201cPrivadesa\u201d fer clic al bot\u00f3 Configuraci\u00f3 de contingut.<\/li>\n<li>A la selecci\u00f3 de Cookies, es poden configurar les opcions.<\/li>\n<\/ul>\n<p>\u2013 Safari (https:\/\/support.apple.com\/es-es\/HT201265)<\/p>\n<ul>\n<li>Al men\u00fa de configuraci\u00f3 seleccioneu l&#8217;opci\u00f3 de \u201cPrefer\u00e8ncies\u201d.<\/li>\n<li>Obriu la pestanya de privadesa.<\/li>\n<li>Seleccioneu l&#8217;opci\u00f3 que vulgueu de la secci\u00f3 de \u201cbloquejar cookies\u201d.<\/li>\n<li>Recordeu que certes funcions i la plena funcionalitat del Lloc Web poden no estar disponibles despr\u00e9s de deshabilitar les cookies.<\/li>\n<\/ul>\n<p>Si no voleu ser rastrejat per les cookies, Google ha desenvolupat un complement per instal\u00b7lar al vostre navegador al qual podeu accedir al seg\u00fcent enlla\u00e7: http:\/\/goo.gl\/up4ND Aquests navegadors estan sotmesos a actualitzacions o modificacions, per la qual cosa no podem garantir que s&#8217;ajustin completament a la versi\u00f3 del vostre navegador. Tamb\u00e9 pot ser que utilitzeu un altre navegador no contemplat en aquests enlla\u00e7os com Konqueror, Arora, Flock, etc. Per evitar aquests desajustaments, podeu accedir directament des de les opcions del vostre navegador, generalment al men\u00fa d&#8217;\u201cOpcions\u201d a la secci\u00f3 de \u201cPrivadesa\u201d. (Si us plau, consulteu l&#8217;ajuda del vostre navegador per a m\u00e9s informaci\u00f3).<\/p>\n<p>&nbsp;<\/p>\n","protected":false},"excerpt":{"rendered":"<p>De conformitat amb la normativa espanyola que regula l&#8217;\u00fas de cookies amb relaci\u00f3 a la prestaci\u00f3 de serveis de comunicacions electr\u00f2niques, recollida a la Llei 34\/2002, d&#8217;11 de juliol, de serveis de la societat de la informaci\u00f3 i de comer\u00e7 electr\u00f2nic, us informem sobre les cookies utilitzades al lloc web l&#8217;Associaci\u00f3 Catalana d\u2019Integraci\u00f3 i Desenvolupament [&hellip;]<\/p>\n","protected":false},"author":3,"featured_media":0,"parent":0,"menu_order":0,"comment_status":"closed","ping_status":"closed","template":"","meta":{"_et_pb_use_builder":"","_et_pb_old_content":"","_et_gb_content_width":"","footnotes":""},"class_list":["post-152","page","type-page","status-publish","hentry"],"yoast_head":"<!-- This site is optimized with the Yoast SEO plugin v26.9 - https:\/\/yoast.com\/product\/yoast-seo-wordpress\/ -->\n<title>Pol\u00edtica de cookies - \u00c0rea Educativa<\/title>\n<meta name=\"robots\" content=\"index, follow, max-snippet:-1, max-image-preview:large, max-video-preview:-1\" \/>\n<link rel=\"canonical\" href=\"https:\/\/acidh.org\/areaeducativa\/politica-de-cookies\/\" \/>\n<meta property=\"og:locale\" content=\"es_ES\" \/>\n<meta property=\"og:type\" content=\"article\" \/>\n<meta property=\"og:title\" content=\"Pol\u00edtica de cookies - \u00c0rea Educativa\" \/>\n<meta property=\"og:description\" content=\"De conformitat amb la normativa espanyola que regula l&#8217;\u00fas de cookies amb relaci\u00f3 a la prestaci\u00f3 de serveis de comunicacions electr\u00f2niques, recollida a la Llei 34\/2002, d&#8217;11 de juliol, de serveis de la societat de la informaci\u00f3 i de comer\u00e7 electr\u00f2nic, us informem sobre les cookies utilitzades al lloc web l&#8217;Associaci\u00f3 Catalana d\u2019Integraci\u00f3 i Desenvolupament [&hellip;]\" \/>\n<meta property=\"og:url\" content=\"https:\/\/acidh.org\/areaeducativa\/politica-de-cookies\/\" \/>\n<meta property=\"og:site_name\" content=\"\u00c0rea Educativa\" \/>\n<meta property=\"article:modified_time\" content=\"2022-06-12T14:40:50+00:00\" \/>\n<meta name=\"twitter:card\" content=\"summary_large_image\" \/>\n<meta name=\"twitter:label1\" content=\"Tiempo de lectura\" \/>\n\t<meta name=\"twitter:data1\" content=\"5 minutos\" \/>\n<script type=\"application\/ld+json\" class=\"yoast-schema-graph\">{\"@context\":\"https:\/\/schema.org\",\"@graph\":[{\"@type\":\"WebPage\",\"@id\":\"https:\/\/acidh.org\/areaeducativa\/politica-de-cookies\/\",\"url\":\"https:\/\/acidh.org\/areaeducativa\/politica-de-cookies\/\",\"name\":\"Pol\u00edtica de cookies - \u00c0rea Educativa\",\"isPartOf\":{\"@id\":\"https:\/\/acidh.org\/areaeducativa\/es\/#website\"},\"datePublished\":\"2015-10-12T07:59:58+00:00\",\"dateModified\":\"2022-06-12T14:40:50+00:00\",\"breadcrumb\":{\"@id\":\"https:\/\/acidh.org\/areaeducativa\/politica-de-cookies\/#breadcrumb\"},\"inLanguage\":\"es\",\"potentialAction\":[{\"@type\":\"ReadAction\",\"target\":[\"https:\/\/acidh.org\/areaeducativa\/politica-de-cookies\/\"]}]},{\"@type\":\"BreadcrumbList\",\"@id\":\"https:\/\/acidh.org\/areaeducativa\/politica-de-cookies\/#breadcrumb\",\"itemListElement\":[{\"@type\":\"ListItem\",\"position\":1,\"name\":\"Portada\",\"item\":\"https:\/\/acidh.org\/areaeducativa\/\"},{\"@type\":\"ListItem\",\"position\":2,\"name\":\"Pol\u00edtica de cookies\"}]},{\"@type\":\"WebSite\",\"@id\":\"https:\/\/acidh.org\/areaeducativa\/es\/#website\",\"url\":\"https:\/\/acidh.org\/areaeducativa\/es\/\",\"name\":\"\u00c0rea Educativa\",\"description\":\"AcidH\",\"potentialAction\":[{\"@type\":\"SearchAction\",\"target\":{\"@type\":\"EntryPoint\",\"urlTemplate\":\"https:\/\/acidh.org\/areaeducativa\/es\/?s={search_term_string}\"},\"query-input\":{\"@type\":\"PropertyValueSpecification\",\"valueRequired\":true,\"valueName\":\"search_term_string\"}}],\"inLanguage\":\"es\"}]}<\/script>\n<!-- \/ Yoast SEO plugin. -->","yoast_head_json":{"title":"Pol\u00edtica de cookies - \u00c0rea Educativa","robots":{"index":"index","follow":"follow","max-snippet":"max-snippet:-1","max-image-preview":"max-image-preview:large","max-video-preview":"max-video-preview:-1"},"canonical":"https:\/\/acidh.org\/areaeducativa\/politica-de-cookies\/","og_locale":"es_ES","og_type":"article","og_title":"Pol\u00edtica de cookies - \u00c0rea Educativa","og_description":"De conformitat amb la normativa espanyola que regula l&#8217;\u00fas de cookies amb relaci\u00f3 a la prestaci\u00f3 de serveis de comunicacions electr\u00f2niques, recollida a la Llei 34\/2002, d&#8217;11 de juliol, de serveis de la societat de la informaci\u00f3 i de comer\u00e7 electr\u00f2nic, us informem sobre les cookies utilitzades al lloc web l&#8217;Associaci\u00f3 Catalana d\u2019Integraci\u00f3 i Desenvolupament [&hellip;]","og_url":"https:\/\/acidh.org\/areaeducativa\/politica-de-cookies\/","og_site_name":"\u00c0rea Educativa","article_modified_time":"2022-06-12T14:40:50+00:00","twitter_card":"summary_large_image","twitter_misc":{"Tiempo de lectura":"5 minutos"},"schema":{"@context":"https:\/\/schema.org","@graph":[{"@type":"WebPage","@id":"https:\/\/acidh.org\/areaeducativa\/politica-de-cookies\/","url":"https:\/\/acidh.org\/areaeducativa\/politica-de-cookies\/","name":"Pol\u00edtica de cookies - \u00c0rea Educativa","isPartOf":{"@id":"https:\/\/acidh.org\/areaeducativa\/es\/#website"},"datePublished":"2015-10-12T07:59:58+00:00","dateModified":"2022-06-12T14:40:50+00:00","breadcrumb":{"@id":"https:\/\/acidh.org\/areaeducativa\/politica-de-cookies\/#breadcrumb"},"inLanguage":"es","potentialAction":[{"@type":"ReadAction","target":["https:\/\/acidh.org\/areaeducativa\/politica-de-cookies\/"]}]},{"@type":"BreadcrumbList","@id":"https:\/\/acidh.org\/areaeducativa\/politica-de-cookies\/#breadcrumb","itemListElement":[{"@type":"ListItem","position":1,"name":"Portada","item":"https:\/\/acidh.org\/areaeducativa\/"},{"@type":"ListItem","position":2,"name":"Pol\u00edtica de cookies"}]},{"@type":"WebSite","@id":"https:\/\/acidh.org\/areaeducativa\/es\/#website","url":"https:\/\/acidh.org\/areaeducativa\/es\/","name":"\u00c0rea Educativa","description":"AcidH","potentialAction":[{"@type":"SearchAction","target":{"@type":"EntryPoint","urlTemplate":"https:\/\/acidh.org\/areaeducativa\/es\/?s={search_term_string}"},"query-input":{"@type":"PropertyValueSpecification","valueRequired":true,"valueName":"search_term_string"}}],"inLanguage":"es"}]}},"_links":{"self":[{"href":"https:\/\/acidh.org\/areaeducativa\/wp-json\/wp\/v2\/pages\/152","targetHints":{"allow":["GET"]}}],"collection":[{"href":"https:\/\/acidh.org\/areaeducativa\/wp-json\/wp\/v2\/pages"}],"about":[{"href":"https:\/\/acidh.org\/areaeducativa\/wp-json\/wp\/v2\/types\/page"}],"author":[{"embeddable":true,"href":"https:\/\/acidh.org\/areaeducativa\/wp-json\/wp\/v2\/users\/3"}],"replies":[{"embeddable":true,"href":"https:\/\/acidh.org\/areaeducativa\/wp-json\/wp\/v2\/comments?post=152"}],"version-history":[{"count":3,"href":"https:\/\/acidh.org\/areaeducativa\/wp-json\/wp\/v2\/pages\/152\/revisions"}],"predecessor-version":[{"id":2113,"href":"https:\/\/acidh.org\/areaeducativa\/wp-json\/wp\/v2\/pages\/152\/revisions\/2113"}],"wp:attachment":[{"href":"https:\/\/acidh.org\/areaeducativa\/wp-json\/wp\/v2\/media?parent=152"}],"curies":[{"name":"wp","href":"https:\/\/api.w.org\/{rel}","templated":true}]}}