{"id":152,"date":"2015-10-12T07:59:58","date_gmt":"2015-10-12T07:59:58","guid":{"rendered":"https:\/\/www.acidh.org\/areahabitatge\/politica-de-cookies\/"},"modified":"2015-10-27T14:49:10","modified_gmt":"2015-10-27T14:49:10","slug":"politica-de-cookies","status":"publish","type":"page","link":"https:\/\/acidh.org\/areahabitatge\/politica-de-cookies\/","title":{"rendered":"Pol\u00edtica de cookies"},"content":{"rendered":"<p>Aquest web utiliza <em>cookies<\/em>.<\/p>\n<p>Una <em>cookies<\/em> (o galeta inform\u00e0tica) \u00e9s una petita informaci\u00f3 enviada per un lloc web i emmagatzemada al navegador de l\u2019usuari, de manera que el lloc web pot consultar l\u2019activitat pr\u00e8via d\u2019aquest usuari.<\/p>\n<p>Les seves funcions principals s\u00f3n:<\/p>\n<ul>\n<li>Portar el control d\u2019usuaris: quan un usuari introdueix el seu nom d\u2019usuari i la contrasenya, s\u2019emmagatzema una cookie perqu\u00e8 no hagi d\u2019estar introduint-lo en cada p\u00e0gina del servidor. En canvi, una cookie no identifica nom\u00e9s una persona, sin\u00f3 una combinaci\u00f3 de computador \u2013 navegador \u2013 usuari.<\/li>\n<li>Aconseguir informaci\u00f3 sobre els h\u00e0bits de navegaci\u00f3 de l\u2019usuari, entre d\u2019altres.<\/li>\n<\/ul>\n<p>Aquest web utilitza <em>cookies<\/em> pr\u00f2pies.<\/p>\n<table>\n<tbody>\n<tr>\n<th>Tipus de cookie<\/th>\n<th>Finalitat<\/th>\n<\/tr>\n<tr>\n<td>Cookie d\u2019identificaci\u00f3<\/td>\n<td>Millorar la navegaci\u00f3<\/td>\n<\/tr>\n<tr>\n<td>Cookie de securimage<\/td>\n<td>Millorar la navegaci\u00f3<\/td>\n<\/tr>\n<\/tbody>\n<\/table>\n<p><em>Cookies<\/em> de tercers:<\/p>\n<table>\n<tbody>\n<tr>\n<th>Tipus de cookie<\/th>\n<th>Empresa<\/th>\n<th>Finalitat<\/th>\n<th>Informaci\u00f3<\/th>\n<\/tr>\n<tr>\n<td>_utma<br \/>\n_utmb<br \/>\n_utmc<br \/>\n_utmz<\/td>\n<td>Google<\/td>\n<td>Navegaci\u00f3 de forma an\u00f2nima que permet saber qu\u00e8 es consulta i com es navega.<\/td>\n<td><a href=\"http:\/\/www.google.es\/intl\/es\/analytics\/privacyoverview.html\">Google privacy<\/a><\/td>\n<\/tr>\n<tr>\n<td>Google Maps<\/td>\n<td>Google<\/td>\n<td>Cookie de localizaci\u00f3<\/td>\n<td><a href=\"http:\/\/www.google.com\/policies\/technologies\/cookies\/\">Google cookies<\/a><\/td>\n<\/tr>\n<\/tbody>\n<\/table>\n<p><em>Cookies<\/em> inserides per altres canals socials:<\/p>\n<table class=\"std\">\n<tbody>\n<tr>\n<th>Tipus de cookie<\/th>\n<th>Empresa<\/th>\n<th>Finalitat<\/th>\n<th>Informaci\u00f3<\/th>\n<\/tr>\n<tr>\n<td><\/td>\n<td>Twitter<\/td>\n<td>Visitant<\/td>\n<td><a href=\"https:\/\/twitter.com\/privacy\">Twitter privacy<\/a><\/td>\n<\/tr>\n<tr>\n<td><\/td>\n<td>Facebook<\/td>\n<td>Visitant<\/td>\n<td><a href=\"https:\/\/www.facebook.com\/help\/cookies\">Facebook cookies<\/a><\/td>\n<\/tr>\n<tr>\n<td><\/td>\n<td>Youtube<\/td>\n<td>Visitant<\/td>\n<td><a href=\"http:\/\/www.google.es\/intl\/es\/policies\/technologies\/cookies\/\">Google tech<\/a><\/td>\n<\/tr>\n<\/tbody>\n<\/table>\n<p>Gestionar <em>cookies<\/em><\/p>\n<p><strong>Vost\u00e8 pot permetre, bloquejar o eliminar les cookies instal\u00b7lades en el seu equipament mitjan\u00e7ant la configuraci\u00f3 de les opcions del navegador que hi t\u00e9 instal\u00b7lat.<\/strong><\/p>\n<p>Si no est\u00e0 segur sobre quin tipus de versi\u00f3 de navegador utilitza per a accedir a Internet:<\/p>\n<p><strong>Per a Windows<\/strong>: faci clic a \u201cAyuda\u201d (si el t\u00e9 configurat en catal\u00e0, a \u201cAjuda\u201d), a la part superior de la finestra del seu navegador i seleccioni l\u2019opci\u00f3 \u201cAcerca de\u201d (en catal\u00e0, \u201cQuant a\u201d).<\/p>\n<p><strong>Per a Mac<\/strong>: amb la finestra del navegador oberta, faci clic al men\u00fa d\u2019\u201dApple\u201d i seleccioni l\u2019opci\u00f3 \u201cAcerca de\u2026\u201d (en catal\u00e0, \u201cQuant a\u201d).<\/p>\n<p><strong>Com gestionar les cookies amb Windows<\/strong><\/p>\n<p><strong>Google Chrome<\/strong><\/p>\n<ol>\n<li>Faci clic al men\u00fa de Google Chrome situat en la barra d\u2019\u201dHerramientas\u201d(en catal\u00e0, \u201cEines\u201d) del navegador.<\/li>\n<li>Seleccioni \u201cConfiguraci\u00f3n\u201d (en catal\u00e0, \u201cConfiguraci\u00f3\u201d).<\/li>\n<li>Faci clic a \u201cMostrar opciones avanzadas\u2026\u201d (en catal\u00e0 \u201cMostra opcions avan\u00e7ades\u201d).<\/li>\n<li>En la secci\u00f3 \u201cPrivacidad\u201d (en catal\u00e0, \u201cPrivadesa\u201d), faci clic al bot\u00f3 \u201cConfiguraci\u00f3n de contenido\u2026\u201d(en catal\u00e0, \u201cConfiguraci\u00f3 del contingut\u201d)<\/li>\n<li>En la secci\u00f3 \u201cCookies\u201d (en la versi\u00f3 catalana, \u201cGaletes\u201d), pot configurar les opcions que s\u2019indiquen a continuaci\u00f3: eliminar cookies, bloquejar o permetre les cookies de manera predeterminada, incloure excepcions de cookies de dominis o llocs web espec\u00edfics.<\/li>\n<li>Per a m\u00e9s informaci\u00f3, consulti l\u2019ajuda de Google Chrome.<\/li>\n<\/ol>\n<p><strong>Microsoft Internet Explorer 7.0 i 8.0<\/strong><\/p>\n<ol>\n<li>Faci clic al bot\u00f3 \u201cHerramientas\u201d (en catal\u00e0, \u201cEines\u201d) i despr\u00e9s a \u201cOpciones de Internet\u201d (en catal\u00e0, \u201cOpcions d\u2019Internet\u201d).<\/li>\n<li>Faci clic a la fitxa \u201cPrivacidad\u201d (en catal\u00e0, \u201cPrivadesa\u201d) i, a continuaci\u00f3, mogui el control lliscant a una posici\u00f3 interm\u00e8dia entre els extrems superiors i inferiors, de manera que no es bloquegin ni permetin totes les cookies.<\/li>\n<li>Faci clic a \u201cSitios\u201d (en catal\u00e0, \u201cLlocs web\u201d).<\/li>\n<li>En el quadre \u201cDirecci\u00f3n del sitio web\u201d (en catal\u00e0, \u201cAdreces dels llocs web\u201d), escrigui l\u2019adre\u00e7a d\u2019un lloc web i, despr\u00e9s, faci clic a \u201cBloquear\u201d (en catal\u00e0, \u201cBloquejar\u201d) o \u201cPermitir\u201d (en catal\u00e0, \u201cPermetre\u201d).<\/li>\n<li>Mentre escrigui, anir\u00e0 apareixent una llista de les p\u00e0gines web que hagi visitat. Si fa clic a un element de la llista, es mostrar\u00e0 en el quadre l\u2019adre\u00e7a del lloc web.<\/li>\n<li>En finalitzar, faci clic a \u201cAceptar\u201d (en catal\u00e0, \u201cAcceptar\u201d).<\/li>\n<li>Torni a col\u00b7locar el control lliscant en la seva posici\u00f3 original i faci clic a \u201cAceptar\u201d (\u201cAcceptar\u201d).<\/li>\n<li>Pot consultar l\u2019ajuda de Windows per a m\u00e9s informaci\u00f3.<\/li>\n<\/ol>\n<p><strong>Mozilla Firefox<\/strong><\/p>\n<ol>\n<li>A la part superior de la finestra de Firefox, faci clic al bot\u00f3 Firefox i seleccioni \u201cOpciones\u201d (en catal\u00e0, \u201cOpcions\u201d).<\/li>\n<li>Seleccioni l\u2019opci\u00f3 \u201cPrivacidad\u201d (en catal\u00e0, \u201cPrivadesa\u201d).<\/li>\n<li>A \u201cFirefox\u201d (en catal\u00e0, \u201cEl Firefox\u201d) esculli \u201cUsar una configuraci\u00f3n personalizada para el historial\u201d (en catal\u00e0, \u201cUtilitza els par\u00e0metres personalitzats de l\u2019historial\u201d).<\/li>\n<li>Marqui l\u2019opci\u00f3 \u201cAceptar cookies\u201d (en catal\u00e0, \u201cAccepta galetes dels llocs web\u201d) per a activar-les, i desmarqui-la per a desactivar-les.<\/li>\n<li>Si no vol rebre cookies de tercers desmarqui \u201cAceptar cookies de terceros\u201d (en catal\u00e0, \u201cAccepta galetes de tercers\u201d).<\/li>\n<li>Pot consultar l\u2019ajuda de Mozilla per a m\u00e9s informaci\u00f3.<\/li>\n<\/ol>\n<p><strong>Safari<\/strong><\/p>\n<ol>\n<li>Faci clic a \u201cSafari\u201d en la part superior de la finestra del seu navegador i seleccioni l\u2019opci\u00f3 \u201cPreferencias\u201d (en catal\u00e0, \u201cPrefer\u00e8ncies\u201d).<\/li>\n<li>Faci clic a \u201cPrivacidad\u201d(en catal\u00e0, \u201cPrivadesa\u201d).<\/li>\n<li>En l\u2019apartat \u201cBloquear cookies\u201d (en catal\u00e0, \u201cBloqueja galetes\u201d) seleccioni una de les seg\u00fcents opcions, segons la que l\u2019interessi: \u201cDe publicidad y terceros\u201d (en catal\u00e0 \u201cDe publicitat i tercers\u201d), \u201cSiempre\u201d (en catal\u00e0, \u201cSempre\u201d), o \u201cNunca\u201d (en catal\u00e0, \u201cMai\u201d).<\/li>\n<\/ol>\n<p><strong>Opera<\/strong><\/p>\n<ol>\n<li>Faci clic a \u201cConfiguraci\u00f3n\u201d (en catal\u00e0, \u201cConfiguraci\u00f3\u201d) a la part superior de la finestra del navegador i seleccioni \u201cOpciones\u201d (en catal\u00e0, \u201cOpcions\u201d).<\/li>\n<li>A continuaci\u00f3, seleccioni la pestanya \u201cAvanzado\u201d (en catal\u00e0, \u201cAvan\u00e7at\u201d) i en la llista de l\u2019esquerra seleccioni \u201cCookies\u201d (\u201cGaletes\u201d).<\/li>\n<li>A continuaci\u00f3, seleccioni \u201cAceptar cookies\u201d (en catal\u00e0, \u201cAccepta galetes\u201d).<\/li>\n<li>Disposa de tres opcions segons la seva prefer\u00e8ncia: \u201cAceptar cookies\u201d (en catal\u00e0, \u201cAccepta galetes\u201d).<\/li>\n<\/ol>\n","protected":false},"excerpt":{"rendered":"<p>Aquest web utiliza cookies. Una cookies (o galeta inform\u00e0tica) \u00e9s una petita informaci\u00f3 enviada per un lloc web i emmagatzemada al navegador de l\u2019usuari, de manera que el lloc web pot consultar l\u2019activitat pr\u00e8via d\u2019aquest usuari. Les seves funcions principals s\u00f3n: Portar el control d\u2019usuaris: quan un usuari introdueix el seu nom d\u2019usuari i la [&hellip;]<\/p>\n","protected":false},"author":4,"featured_media":0,"parent":0,"menu_order":0,"comment_status":"closed","ping_status":"closed","template":"","meta":{"_et_pb_use_builder":"","_et_pb_old_content":"","_et_gb_content_width":"","footnotes":""},"class_list":["post-152","page","type-page","status-publish","hentry"],"yoast_head":"<!-- This site is optimized with the Yoast SEO plugin v26.9 - https:\/\/yoast.com\/product\/yoast-seo-wordpress\/ -->\n<title>Pol\u00edtica de cookies - \u00c0rea Habitatge<\/title>\n<meta name=\"robots\" content=\"index, follow, max-snippet:-1, max-image-preview:large, max-video-preview:-1\" \/>\n<link rel=\"canonical\" href=\"https:\/\/acidh.org\/areahabitatge\/politica-de-cookies\/\" \/>\n<meta property=\"og:locale\" content=\"ca_ES\" \/>\n<meta property=\"og:type\" content=\"article\" \/>\n<meta property=\"og:title\" content=\"Pol\u00edtica de cookies - \u00c0rea Habitatge\" \/>\n<meta property=\"og:description\" content=\"Aquest web utiliza cookies. Una cookies (o galeta inform\u00e0tica) \u00e9s una petita informaci\u00f3 enviada per un lloc web i emmagatzemada al navegador de l\u2019usuari, de manera que el lloc web pot consultar l\u2019activitat pr\u00e8via d\u2019aquest usuari. Les seves funcions principals s\u00f3n: Portar el control d\u2019usuaris: quan un usuari introdueix el seu nom d\u2019usuari i la [&hellip;]\" \/>\n<meta property=\"og:url\" content=\"https:\/\/acidh.org\/areahabitatge\/politica-de-cookies\/\" \/>\n<meta property=\"og:site_name\" content=\"\u00c0rea Habitatge\" \/>\n<meta property=\"article:modified_time\" content=\"2015-10-27T14:49:10+00:00\" \/>\n<meta name=\"twitter:card\" content=\"summary_large_image\" \/>\n<meta name=\"twitter:label1\" content=\"Temps estimat de lectura\" \/>\n\t<meta name=\"twitter:data1\" content=\"4 minuts\" \/>\n<script type=\"application\/ld+json\" class=\"yoast-schema-graph\">{\"@context\":\"https:\/\/schema.org\",\"@graph\":[{\"@type\":\"WebPage\",\"@id\":\"https:\/\/acidh.org\/areahabitatge\/politica-de-cookies\/\",\"url\":\"https:\/\/acidh.org\/areahabitatge\/politica-de-cookies\/\",\"name\":\"Pol\u00edtica de cookies - \u00c0rea Habitatge\",\"isPartOf\":{\"@id\":\"https:\/\/acidh.org\/areahabitatge\/#website\"},\"datePublished\":\"2015-10-12T07:59:58+00:00\",\"dateModified\":\"2015-10-27T14:49:10+00:00\",\"breadcrumb\":{\"@id\":\"https:\/\/acidh.org\/areahabitatge\/politica-de-cookies\/#breadcrumb\"},\"inLanguage\":\"ca\",\"potentialAction\":[{\"@type\":\"ReadAction\",\"target\":[\"https:\/\/acidh.org\/areahabitatge\/politica-de-cookies\/\"]}]},{\"@type\":\"BreadcrumbList\",\"@id\":\"https:\/\/acidh.org\/areahabitatge\/politica-de-cookies\/#breadcrumb\",\"itemListElement\":[{\"@type\":\"ListItem\",\"position\":1,\"name\":\"Portada\",\"item\":\"https:\/\/acidh.org\/areahabitatge\/\"},{\"@type\":\"ListItem\",\"position\":2,\"name\":\"Pol\u00edtica de cookies\"}]},{\"@type\":\"WebSite\",\"@id\":\"https:\/\/acidh.org\/areahabitatge\/#website\",\"url\":\"https:\/\/acidh.org\/areahabitatge\/\",\"name\":\"\u00c0rea Habitatge\",\"description\":\"AcidH\",\"potentialAction\":[{\"@type\":\"SearchAction\",\"target\":{\"@type\":\"EntryPoint\",\"urlTemplate\":\"https:\/\/acidh.org\/areahabitatge\/?s={search_term_string}\"},\"query-input\":{\"@type\":\"PropertyValueSpecification\",\"valueRequired\":true,\"valueName\":\"search_term_string\"}}],\"inLanguage\":\"ca\"}]}<\/script>\n<!-- \/ Yoast SEO plugin. -->","yoast_head_json":{"title":"Pol\u00edtica de cookies - \u00c0rea Habitatge","robots":{"index":"index","follow":"follow","max-snippet":"max-snippet:-1","max-image-preview":"max-image-preview:large","max-video-preview":"max-video-preview:-1"},"canonical":"https:\/\/acidh.org\/areahabitatge\/politica-de-cookies\/","og_locale":"ca_ES","og_type":"article","og_title":"Pol\u00edtica de cookies - \u00c0rea Habitatge","og_description":"Aquest web utiliza cookies. Una cookies (o galeta inform\u00e0tica) \u00e9s una petita informaci\u00f3 enviada per un lloc web i emmagatzemada al navegador de l\u2019usuari, de manera que el lloc web pot consultar l\u2019activitat pr\u00e8via d\u2019aquest usuari. Les seves funcions principals s\u00f3n: Portar el control d\u2019usuaris: quan un usuari introdueix el seu nom d\u2019usuari i la [&hellip;]","og_url":"https:\/\/acidh.org\/areahabitatge\/politica-de-cookies\/","og_site_name":"\u00c0rea Habitatge","article_modified_time":"2015-10-27T14:49:10+00:00","twitter_card":"summary_large_image","twitter_misc":{"Temps estimat de lectura":"4 minuts"},"schema":{"@context":"https:\/\/schema.org","@graph":[{"@type":"WebPage","@id":"https:\/\/acidh.org\/areahabitatge\/politica-de-cookies\/","url":"https:\/\/acidh.org\/areahabitatge\/politica-de-cookies\/","name":"Pol\u00edtica de cookies - \u00c0rea Habitatge","isPartOf":{"@id":"https:\/\/acidh.org\/areahabitatge\/#website"},"datePublished":"2015-10-12T07:59:58+00:00","dateModified":"2015-10-27T14:49:10+00:00","breadcrumb":{"@id":"https:\/\/acidh.org\/areahabitatge\/politica-de-cookies\/#breadcrumb"},"inLanguage":"ca","potentialAction":[{"@type":"ReadAction","target":["https:\/\/acidh.org\/areahabitatge\/politica-de-cookies\/"]}]},{"@type":"BreadcrumbList","@id":"https:\/\/acidh.org\/areahabitatge\/politica-de-cookies\/#breadcrumb","itemListElement":[{"@type":"ListItem","position":1,"name":"Portada","item":"https:\/\/acidh.org\/areahabitatge\/"},{"@type":"ListItem","position":2,"name":"Pol\u00edtica de cookies"}]},{"@type":"WebSite","@id":"https:\/\/acidh.org\/areahabitatge\/#website","url":"https:\/\/acidh.org\/areahabitatge\/","name":"\u00c0rea Habitatge","description":"AcidH","potentialAction":[{"@type":"SearchAction","target":{"@type":"EntryPoint","urlTemplate":"https:\/\/acidh.org\/areahabitatge\/?s={search_term_string}"},"query-input":{"@type":"PropertyValueSpecification","valueRequired":true,"valueName":"search_term_string"}}],"inLanguage":"ca"}]}},"_links":{"self":[{"href":"https:\/\/acidh.org\/areahabitatge\/wp-json\/wp\/v2\/pages\/152","targetHints":{"allow":["GET"]}}],"collection":[{"href":"https:\/\/acidh.org\/areahabitatge\/wp-json\/wp\/v2\/pages"}],"about":[{"href":"https:\/\/acidh.org\/areahabitatge\/wp-json\/wp\/v2\/types\/page"}],"author":[{"embeddable":true,"href":"https:\/\/acidh.org\/areahabitatge\/wp-json\/wp\/v2\/users\/4"}],"replies":[{"embeddable":true,"href":"https:\/\/acidh.org\/areahabitatge\/wp-json\/wp\/v2\/comments?post=152"}],"version-history":[{"count":1,"href":"https:\/\/acidh.org\/areahabitatge\/wp-json\/wp\/v2\/pages\/152\/revisions"}],"predecessor-version":[{"id":154,"href":"https:\/\/acidh.org\/areahabitatge\/wp-json\/wp\/v2\/pages\/152\/revisions\/154"}],"wp:attachment":[{"href":"https:\/\/acidh.org\/areahabitatge\/wp-json\/wp\/v2\/media?parent=152"}],"curies":[{"name":"wp","href":"https:\/\/api.w.org\/{rel}","templated":true}]}}