{"id":716,"date":"2016-07-06T08:06:21","date_gmt":"2016-07-06T08:06:21","guid":{"rendered":"https:\/\/www.acidh.org\/areapsicosocial\/tutelas-pretutelasasesoramiento-familias\/"},"modified":"2025-03-05T16:22:46","modified_gmt":"2025-03-05T16:22:46","slug":"tutelas-pretutelasasesoramiento-familias","status":"publish","type":"page","link":"https:\/\/acidh.org\/areapsicosocial\/tutelas-pretutelasasesoramiento-familias\/","title":{"rendered":"Tutelas, Pretutelas, Asesoramiento familias"},"content":{"rendered":"<p>[et_pb_section fb_built=&#8221;1&#8243; specialty=&#8221;on&#8221; admin_label=&#8221;Secci\u00f3n&#8221; _builder_version=&#8221;4.16&#8243; global_colors_info=&#8221;{}&#8221;][et_pb_column type=&#8221;3_4&#8243; specialty_columns=&#8221;3&#8243; _builder_version=&#8221;4.16&#8243; custom_padding=&#8221;|||&#8221; global_colors_info=&#8221;{}&#8221; custom_padding__hover=&#8221;|||&#8221;][et_pb_row_inner admin_label=&#8221;Fila&#8221; _builder_version=&#8221;4.16&#8243; global_colors_info=&#8221;{}&#8221;][et_pb_column_inner saved_specialty_column_type=&#8221;3_4&#8243; _builder_version=&#8221;4.16&#8243; custom_padding=&#8221;|||&#8221; global_colors_info=&#8221;{}&#8221; custom_padding__hover=&#8221;|||&#8221;][et_pb_text admin_label=&#8221;Texto&#8221; _builder_version=&#8221;4.27.4&#8243; background_size=&#8221;initial&#8221; background_position=&#8221;top_left&#8221; background_repeat=&#8221;repeat&#8221; hover_enabled=&#8221;0&#8243; use_border_color=&#8221;off&#8221; border_color=&#8221;#ffffff&#8221; border_style=&#8221;solid&#8221; global_colors_info=&#8221;{}&#8221; sticky_enabled=&#8221;0&#8243;]<\/p>\n<h1>Fundaci\u00f3n acidH: ofrecemos apoyos<\/h1>\n<p>Cubrimos las necesidades de apoyo y protecci\u00f3n.<br \/>Garantizamos los derechos personales y patrimoniales, y<br \/>promovemos la autonom\u00eda de las personas con FIL<\/p>\n<h3>Servicio de apoyo al ejercicio de la capacidad jur\u00eddica<\/h3>\n<p>Tiene por objetivo cubrir las necesidades de apoyo, protecci\u00f3n y garant\u00eda de los derechos personales y patrimoniales y promover la autonom\u00eda de las personas con funcionamiento intelectual l\u00edmite con medidas de apoyo judiciales o notariales en los t\u00e9rminos que establezca la correspondiente resoluci\u00f3n judicial o escritura. El servicio vela para que las personas con necesidades de apoyo disfruten de un desarrollo integral que favorezca su inclusi\u00f3n y participaci\u00f3n plena en todos los \u00e1mbitos de la vida social.<\/p>\n<h3>Servicio de apoyo futuro<\/h3>\n<p>Asesora y prepara a aquellas personas y familias que han optado para que en el futuro sea la Fundaci\u00f3n acidH la que ejerza la asistencia hacia su familiar. Asume el compromiso y la responsabilidad con la persona, la familia y la sociedad de que una vez los padres-asistentes no est\u00e9n la Fundaci\u00f3n aceptar\u00e1 el cargo de apoyo.<\/p>\n<h3>Servicio apoyo sociojur\u00eddico a las familias<\/h3>\n<p>Ofrece informaci\u00f3n y asesoramiento sobre las figuras jur\u00eddicas de protecci\u00f3n y sus procedimientos: provisi\u00f3n de apoyos, ejercicio del cargo, etc&#8230; Tambi\u00e9n asesora e informa sobre las entidades de apoyo y los recursos sociales dirigidos a las personas con funcionamiento intelectual l\u00edmite o discapacidad intelectual leve.<\/p>\n<h4>Nos encontrar\u00e9is en:<\/h4>\n<p>Fundaci\u00f3 Tutelar acidH<br \/>C\/ Ventall\u00f3, 27 \u2013 29<br \/>08025 Barcelona<br \/>T 93 219 36 51<\/p>\n<p>O a trav\u00e9s del <a href=\"https:\/\/acidh.org\/contacta\/\" target=\"_blank\" rel=\"noopener\">formulario de contacto<\/a><\/p>\n<p>[\/et_pb_text][\/et_pb_column_inner][\/et_pb_row_inner][\/et_pb_column][et_pb_column type=&#8221;1_4&#8243; _builder_version=&#8221;4.16&#8243; custom_padding=&#8221;|||&#8221; global_colors_info=&#8221;{}&#8221; custom_padding__hover=&#8221;|||&#8221;][\/et_pb_column][\/et_pb_section]<\/p>\n","protected":false},"excerpt":{"rendered":"<p>Fundaci\u00f3n acidH: ofrecemos apoyos Cubrimos las necesidades de apoyo y protecci\u00f3n.Garantizamos los derechos personales y patrimoniales, ypromovemos la autonom\u00eda de las personas con FIL Servicio de apoyo al ejercicio de la capacidad jur\u00eddica Tiene por objetivo cubrir las necesidades de apoyo, protecci\u00f3n y garant\u00eda de los derechos personales y patrimoniales y promover la autonom\u00eda de [&hellip;]<\/p>\n","protected":false},"author":1,"featured_media":0,"parent":0,"menu_order":0,"comment_status":"open","ping_status":"open","template":"","meta":{"_et_pb_use_builder":"on","_et_pb_old_content":"","_et_gb_content_width":"","footnotes":""},"class_list":["post-716","page","type-page","status-publish","hentry"],"yoast_head":"<!-- This site is optimized with the Yoast SEO plugin v26.9 - https:\/\/yoast.com\/product\/yoast-seo-wordpress\/ -->\n<title>Tutelas, Pretutelas, Asesoramiento familias - \u00c0rea Psicosocial<\/title>\n<meta name=\"robots\" content=\"index, follow, max-snippet:-1, max-image-preview:large, max-video-preview:-1\" \/>\n<link rel=\"canonical\" href=\"https:\/\/acidh.org\/areapsicosocial\/es\/tutelas-pretutelasasesoramiento-familias\/\" \/>\n<meta property=\"og:locale\" content=\"ca_ES\" \/>\n<meta property=\"og:type\" content=\"article\" \/>\n<meta property=\"og:title\" content=\"Tutelas, Pretutelas, Asesoramiento familias - \u00c0rea Psicosocial\" \/>\n<meta property=\"og:description\" content=\"Fundaci\u00f3n acidH: ofrecemos apoyos Cubrimos las necesidades de apoyo y protecci\u00f3n.Garantizamos los derechos personales y patrimoniales, ypromovemos la autonom\u00eda de las personas con FIL Servicio de apoyo al ejercicio de la capacidad jur\u00eddica Tiene por objetivo cubrir las necesidades de apoyo, protecci\u00f3n y garant\u00eda de los derechos personales y patrimoniales y promover la autonom\u00eda de [&hellip;]\" \/>\n<meta property=\"og:url\" content=\"https:\/\/acidh.org\/areapsicosocial\/es\/tutelas-pretutelasasesoramiento-familias\/\" \/>\n<meta property=\"og:site_name\" content=\"\u00c0rea Psicosocial\" \/>\n<meta property=\"article:modified_time\" content=\"2025-03-05T16:22:46+00:00\" \/>\n<meta name=\"twitter:card\" content=\"summary_large_image\" \/>\n<meta name=\"twitter:label1\" content=\"Temps estimat de lectura\" \/>\n\t<meta name=\"twitter:data1\" content=\"2 minuts\" \/>\n<script type=\"application\/ld+json\" class=\"yoast-schema-graph\">{\"@context\":\"https:\/\/schema.org\",\"@graph\":[{\"@type\":\"WebPage\",\"@id\":\"https:\/\/acidh.org\/areapsicosocial\/es\/tutelas-pretutelasasesoramiento-familias\/\",\"url\":\"https:\/\/acidh.org\/areapsicosocial\/es\/tutelas-pretutelasasesoramiento-familias\/\",\"name\":\"Tutelas, Pretutelas, Asesoramiento familias - \u00c0rea Psicosocial\",\"isPartOf\":{\"@id\":\"https:\/\/acidh.org\/areapsicosocial\/#website\"},\"datePublished\":\"2016-07-06T08:06:21+00:00\",\"dateModified\":\"2025-03-05T16:22:46+00:00\",\"breadcrumb\":{\"@id\":\"https:\/\/acidh.org\/areapsicosocial\/es\/tutelas-pretutelasasesoramiento-familias\/#breadcrumb\"},\"inLanguage\":\"ca\",\"potentialAction\":[{\"@type\":\"ReadAction\",\"target\":[\"https:\/\/acidh.org\/areapsicosocial\/es\/tutelas-pretutelasasesoramiento-familias\/\"]}]},{\"@type\":\"BreadcrumbList\",\"@id\":\"https:\/\/acidh.org\/areapsicosocial\/es\/tutelas-pretutelasasesoramiento-familias\/#breadcrumb\",\"itemListElement\":[{\"@type\":\"ListItem\",\"position\":1,\"name\":\"Portada\",\"item\":\"https:\/\/acidh.org\/areapsicosocial\/\"},{\"@type\":\"ListItem\",\"position\":2,\"name\":\"Tutelas, Pretutelas, Asesoramiento familias\"}]},{\"@type\":\"WebSite\",\"@id\":\"https:\/\/acidh.org\/areapsicosocial\/#website\",\"url\":\"https:\/\/acidh.org\/areapsicosocial\/\",\"name\":\"\u00c0rea Psicosocial\",\"description\":\"AcidH\",\"potentialAction\":[{\"@type\":\"SearchAction\",\"target\":{\"@type\":\"EntryPoint\",\"urlTemplate\":\"https:\/\/acidh.org\/areapsicosocial\/?s={search_term_string}\"},\"query-input\":{\"@type\":\"PropertyValueSpecification\",\"valueRequired\":true,\"valueName\":\"search_term_string\"}}],\"inLanguage\":\"ca\"}]}<\/script>\n<!-- \/ Yoast SEO plugin. -->","yoast_head_json":{"title":"Tutelas, Pretutelas, Asesoramiento familias - \u00c0rea Psicosocial","robots":{"index":"index","follow":"follow","max-snippet":"max-snippet:-1","max-image-preview":"max-image-preview:large","max-video-preview":"max-video-preview:-1"},"canonical":"https:\/\/acidh.org\/areapsicosocial\/es\/tutelas-pretutelasasesoramiento-familias\/","og_locale":"ca_ES","og_type":"article","og_title":"Tutelas, Pretutelas, Asesoramiento familias - \u00c0rea Psicosocial","og_description":"Fundaci\u00f3n acidH: ofrecemos apoyos Cubrimos las necesidades de apoyo y protecci\u00f3n.Garantizamos los derechos personales y patrimoniales, ypromovemos la autonom\u00eda de las personas con FIL Servicio de apoyo al ejercicio de la capacidad jur\u00eddica Tiene por objetivo cubrir las necesidades de apoyo, protecci\u00f3n y garant\u00eda de los derechos personales y patrimoniales y promover la autonom\u00eda de [&hellip;]","og_url":"https:\/\/acidh.org\/areapsicosocial\/es\/tutelas-pretutelasasesoramiento-familias\/","og_site_name":"\u00c0rea Psicosocial","article_modified_time":"2025-03-05T16:22:46+00:00","twitter_card":"summary_large_image","twitter_misc":{"Temps estimat de lectura":"2 minuts"},"schema":{"@context":"https:\/\/schema.org","@graph":[{"@type":"WebPage","@id":"https:\/\/acidh.org\/areapsicosocial\/es\/tutelas-pretutelasasesoramiento-familias\/","url":"https:\/\/acidh.org\/areapsicosocial\/es\/tutelas-pretutelasasesoramiento-familias\/","name":"Tutelas, Pretutelas, Asesoramiento familias - \u00c0rea Psicosocial","isPartOf":{"@id":"https:\/\/acidh.org\/areapsicosocial\/#website"},"datePublished":"2016-07-06T08:06:21+00:00","dateModified":"2025-03-05T16:22:46+00:00","breadcrumb":{"@id":"https:\/\/acidh.org\/areapsicosocial\/es\/tutelas-pretutelasasesoramiento-familias\/#breadcrumb"},"inLanguage":"ca","potentialAction":[{"@type":"ReadAction","target":["https:\/\/acidh.org\/areapsicosocial\/es\/tutelas-pretutelasasesoramiento-familias\/"]}]},{"@type":"BreadcrumbList","@id":"https:\/\/acidh.org\/areapsicosocial\/es\/tutelas-pretutelasasesoramiento-familias\/#breadcrumb","itemListElement":[{"@type":"ListItem","position":1,"name":"Portada","item":"https:\/\/acidh.org\/areapsicosocial\/"},{"@type":"ListItem","position":2,"name":"Tutelas, Pretutelas, Asesoramiento familias"}]},{"@type":"WebSite","@id":"https:\/\/acidh.org\/areapsicosocial\/#website","url":"https:\/\/acidh.org\/areapsicosocial\/","name":"\u00c0rea Psicosocial","description":"AcidH","potentialAction":[{"@type":"SearchAction","target":{"@type":"EntryPoint","urlTemplate":"https:\/\/acidh.org\/areapsicosocial\/?s={search_term_string}"},"query-input":{"@type":"PropertyValueSpecification","valueRequired":true,"valueName":"search_term_string"}}],"inLanguage":"ca"}]}},"_links":{"self":[{"href":"https:\/\/acidh.org\/areapsicosocial\/wp-json\/wp\/v2\/pages\/716","targetHints":{"allow":["GET"]}}],"collection":[{"href":"https:\/\/acidh.org\/areapsicosocial\/wp-json\/wp\/v2\/pages"}],"about":[{"href":"https:\/\/acidh.org\/areapsicosocial\/wp-json\/wp\/v2\/types\/page"}],"author":[{"embeddable":true,"href":"https:\/\/acidh.org\/areapsicosocial\/wp-json\/wp\/v2\/users\/1"}],"replies":[{"embeddable":true,"href":"https:\/\/acidh.org\/areapsicosocial\/wp-json\/wp\/v2\/comments?post=716"}],"version-history":[{"count":2,"href":"https:\/\/acidh.org\/areapsicosocial\/wp-json\/wp\/v2\/pages\/716\/revisions"}],"predecessor-version":[{"id":744,"href":"https:\/\/acidh.org\/areapsicosocial\/wp-json\/wp\/v2\/pages\/716\/revisions\/744"}],"wp:attachment":[{"href":"https:\/\/acidh.org\/areapsicosocial\/wp-json\/wp\/v2\/media?parent=716"}],"curies":[{"name":"wp","href":"https:\/\/api.w.org\/{rel}","templated":true}]}}