{"id":115,"date":"2015-10-12T15:09:37","date_gmt":"2015-10-12T15:09:37","guid":{"rendered":"https:\/\/www.acidh.org\/voluntariat\/?page_id=115"},"modified":"2019-03-22T10:07:57","modified_gmt":"2019-03-22T10:07:57","slug":"per-que-ser-voluntari","status":"publish","type":"page","link":"https:\/\/acidh.org\/voluntariat\/per-que-ser-voluntari\/","title":{"rendered":"Per qu\u00e8 ser voluntari?"},"content":{"rendered":"<p>[et_pb_section fb_built=\u00bb1&#8243; specialty=\u00bbon\u00bb admin_label=\u00bbSection\u00bb _builder_version=\u00bb3.0.47&#8243;][et_pb_column type=\u00bb3_4&#8243; specialty_columns=\u00bb3&#8243; _builder_version=\u00bb3.0.47&#8243;][et_pb_row_inner admin_label=\u00bbRow\u00bb _builder_version=\u00bb3.0.47&#8243;][et_pb_column_inner type=\u00bb4_4&#8243; saved_specialty_column_type=\u00bb3_4&#8243; _builder_version=\u00bb3.0.47&#8243;][et_pb_text admin_label=\u00bbText\u00bb _builder_version=\u00bb3.19.15&#8243; background_size=\u00bbinitial\u00bb background_position=\u00bbtop_left\u00bb background_repeat=\u00bbrepeat\u00bb use_border_color=\u00bboff\u00bb]<\/p>\n<h1>Voluntariat<\/h1>\n<p>Quan va n\u00e9ixer l&#8217;<strong>ACIDH<\/strong> nom\u00e9s comptava per tirar endavant amb l&#8217;ajuda de voluntaris que volien col\u00b7laborar amb el projecte. \u00c9s per aix\u00f2 que actualment el voluntariat \u00e9s una de les peces fonamentals que fan possible que el projecte segueixi viu i en continu creixement.<\/p>\n<p>Des de l&#8217;ACIDH <strong>oferim la possibilitat de dur a terme una tasca de voluntariat<\/strong> en diferents \u00e0rees i serveis de l\u2019organitzaci\u00f3:<\/p>\n<ul>\n<li>servei de menjador, extraescolars, suport a la classe, acompanyament a les sortides, suport en recerca de feina, <i>mentoring<\/i>, sessions formatives a les llars o al centre atenci\u00f3 al client, suport administratiu, acompanyament individual, suport en esdeveniments i campanyes de comunicaci\u00f3, recerca i innovaci\u00f3, etc.<\/li>\n<\/ul>\n<p>El temps de dedicaci\u00f3 d\u2019aquest voluntariat pot variar en funci\u00f3 de la disponibilitat del voluntari o volunt\u00e0ria. Cada persona decideix el temps i horari amb el qual vol col\u00b7laborar, i a partir d\u2019aqu\u00ed es pot determinar on podria encaixar dins de les necessitats de l\u2019entitat.<\/p>\n<p>Els requisits, tant a nivell d&#8217;experi\u00e8ncia com formatius, varien en funci\u00f3 del voluntariat. Partim de la base que tothom pot col\u00b7laborar d\u2019una manera o altra, sovint nom\u00e9s cal tenir la voluntat i les ganes de fer-ho.<\/p>\n<p>Tot voluntariat segueix un proc\u00e9s compost de diferents fases.<\/p>\n<p>[\/et_pb_text][et_pb_image src=\u00bbhttps:\/\/acidh.org\/voluntariat\/wp-content\/uploads\/sites\/20\/2019\/03\/Fases-1.jpg\u00bb _builder_version=\u00bb3.21&#8243;][\/et_pb_image][et_pb_text admin_label=\u00bbText\u00bb _builder_version=\u00bb3.19.15&#8243; background_size=\u00bbinitial\u00bb background_position=\u00bbtop_left\u00bb background_repeat=\u00bbrepeat\u00bb use_border_color=\u00bboff\u00bb]<\/p>\n<p><span style=\"font-size: 14px\">Com a voluntari o volunt\u00e0ria de l&#8217;ACIDH tens l&#8217;oportunitat de col\u00b7laborar en un bon ambient de treball, amb l&#8217;oportunitat d&#8217;aprendre en un entorn din\u00e0mic i col\u00b7laboratiu.<\/span><\/p>\n<p>Les persones volunt\u00e0ries s\u00f3n una pe\u00e7a clau en la integraci\u00f3 dels nostres usuaris i usu\u00e0ries. Amb la teva tasca ajudar\u00e0s a fer cr\u00e9ixer un projecte per millorar la qualitat de vida de les persones amb intel\u00b7lig\u00e8ncia l\u00edmit (IL).<\/p>\n<p>[\/et_pb_text][et_pb_gallery gallery_ids=\u00bb190,191,192,193,194,195,196,197,198,199,200,201,202,203,204,205&#8243; gallery_orderby=\u00bbrand\u00bb posts_number=\u00bb3&#8243; show_title_and_caption=\u00bboff\u00bb show_pagination=\u00bboff\u00bb admin_label=\u00bbGaleria 10&#8243; _builder_version=\u00bb3.19.18&#8243; use_border_color=\u00bboff\u00bb border_color=\u00bb#ffffff\u00bb border_style=\u00bbsolid\u00bb global_module=\u00bb206&#8243; saved_tabs=\u00bball\u00bb][\/et_pb_gallery][\/et_pb_column_inner][\/et_pb_row_inner][\/et_pb_column][et_pb_column type=\u00bb1_4&#8243; _builder_version=\u00bb3.0.47&#8243;][et_pb_image src=\u00bbhttps:\/\/acidh.org\/voluntariat\/wp-content\/uploads\/sites\/20\/2019\/03\/rollup_bannervoluntariat.jpg\u00bb _builder_version=\u00bb3.19.18&#8243;][\/et_pb_image][\/et_pb_column][\/et_pb_section]<\/p>\n","protected":false},"excerpt":{"rendered":"<p>Voluntariat Quan va n\u00e9ixer l&#8217;ACIDH nom\u00e9s comptava per tirar endavant amb l&#8217;ajuda de voluntaris que volien col\u00b7laborar amb el projecte. \u00c9s per aix\u00f2 que actualment el voluntariat \u00e9s una de les peces fonamentals que fan possible que el projecte segueixi viu i en continu creixement. Des de l&#8217;ACIDH oferim la possibilitat de dur a terme [&hellip;]<\/p>\n","protected":false},"author":1,"featured_media":0,"parent":0,"menu_order":0,"comment_status":"closed","ping_status":"closed","template":"","meta":{"_et_pb_use_builder":"on","_et_pb_old_content":"<p>L'Escola ofereix una Educaci\u00f3 Secund\u00e0ria Obligat\u00f2ria amb modificaci\u00f3 curricular de centre, que pret\u00e9n potenciar al m\u00e0xim les seves capacitats intel\u00b7lectuals, emocionals i socials:<\/p><p>\u00a0\u00a0 Adaptant-se, a cada moment, a l'estil d'aprenentatge de cada alumne amb metodologies experiencials i amb una r\u00e0tio redu\u00efda.<\/p><p>\u00a0\u00a0 Partint d'una visi\u00f3 global de la persona, on l'objectiu principal \u00e9s el creixement en tots el \u00e0mbits.<\/p><p>\u00a0\u00a0 Participant en projectes educatius d'\u00e0mbit local, a fi de potenciar la inclusi\u00f3 social dels alumnes.<\/p><p>\u00a0\u00a0 Oferint, des del Consell Orientador, una orientaci\u00f3 a l'alumne en quant a la seva formaci\u00f3 laboral, partint de les seves habilitats i necessitats.<\/p><p>\u00a0<\/p><p>Centre concertat amb el Departament d'Educaci\u00f3. S'imparteix l'Educaci\u00f3 Secund\u00e0ria Obligat\u00f2ria amb modificaci\u00f3 curricular de centre autoritzat pel Departament d'Educaci\u00f3 en la Resoluci\u00f3 de 4 d'octubre de 2002.<\/p><p>OBJECTIUS PEDAG\u00d2GICS<\/p><p>\u00a0\u00a0 Millorar les aptituds, actituds i habilitats de l'alumne.<\/p><p>\u00a0\u00a0 Potenciar l'autoestima i la seguretat dels alumnes.<\/p><p>\u00a0\u00a0 Potenciar les seves relacions interpersonals.<\/p><p>\u00a0\u00a0 Vehicular la integraci\u00f3 social, partint de l'assoliment de les compet\u00e8ncies b\u00e0siques i dels objectius curriculars en l'etapa d'Educaci\u00f3 Secund\u00e0ria Obligat\u00f2ria i l'educaci\u00f3 en habilitats socials.<\/p><p>\u00a0\u00a0 Frenar processos d'a\u00efllament i marginaci\u00f3, ajudant a construir la identitat personal i de grup en relaci\u00f3 a la comunitat.<\/p><p>\u00a0\u00a0 Oferir orientaci\u00f3 en la formaci\u00f3 laboral posterior mitjan\u00e7ant l'aprenentatge de tasques, a trav\u00e9s dels tallers d'oficis.<\/p><p>\u00a0<\/p><p>PERFIL DE L'ALUMNAT<\/p><p>L'oferta educativa de l'escola va dirigida a nois i noies d'edats compreses entre 12 i 20 anys amb capacitat intel\u00b7lectual l\u00edmit originada per diferents causes org\u00e0niques i\/o socioambientals.<\/p><p>La majoria s\u00f3n nois i noies que presenten un clar retard en el seu aprenentatge escolar. Mostren una experi\u00e8ncia acumulada de frac\u00e0s escolar i amb freq\u00fcents dificultats d'estructuraci\u00f3 de la personalitat.<\/p><p>\u00a0<\/p><p>METODOLOGIA<\/p><p>La nostra escola, parteix d'una metodologia experiencial, amb ratios de 8 a 10 alumnes per aula, amb possibilitat d'oferir grups flexibles en les \u00e0rees instrumentals. Amb el suport professional de psicopedagogs per a adaptar els programes i els materials, logopedes per a potenciar el pensament ling\u00fc\u00edstic i psic\u00f2legs que treballen en el creixement emocional dels nostres alumnes i tot un equip docent especialitzat en din\u00e0miques adequades pels alumnes amb aquestes caracter\u00edstiques. Tot aquest conjunt de coneixement i experi\u00e8ncia permeten un aprenentatge m\u00e9s significatiu, un creixement m\u00e9s satisfactori i l'assoliment de les compet\u00e8ncies b\u00e0siques de l'etapa.<\/p><p>ESTRUCTURA CURRICULAR<\/p><p>El programa d'ESO, est\u00e0 dividit en dos cicles, de tres cursos cadascun per a un afian\u00e7ament m\u00e9s real de les compet\u00e8ncies b\u00e0siques i una preparaci\u00f3 cap a l'orientaci\u00f3 en formaci\u00f3 laboral.<\/p><p>PROJECTES EDUCATIUS D'\u00c0MBIT LOCAL I INTERNACIONAL AMB ELS QUE TREBALLEM\u00a0\u00a0<\/p><p>\u00a0<\/p><p>\u00a0\u00a0 Agenda 21. Oficina de Recursos Sostenibles (Ajuntament de Barcelona)<\/p><p>\u00a0\u00a0 L'Agenda 21 escolar \u00e9s un programa pensat per facilitar la implicaci\u00f3 dels centres educatius en l'ambici\u00f3s projecte planetari d'imaginar i construir un m\u00f3n millor i m\u00e9s sostenible, mitjan\u00e7ant una intervenci\u00f3 local.<\/p><p>\u00a0\u00a0 Audi\u00e8ncia P\u00fablica. Institut Municipal d'Educaci\u00f3 de Barcelona (Ajuntament de Barcelona)<\/p><p>\u00a0\u00a0 L'Institut d'Educaci\u00f3 de l'Ajuntament de Barcelona d\u00f3na l'oportunitat als infants i joves de participar en la vida p\u00fablica de la seva comunitat, un dret que queda recollit en la Declaraci\u00f3 dels Drets de l'Infant. Amb aquest objectiu, s'organitza una proposta educativa en la qual els joves de Barcelona puguin reflexionar sobre temes d'actualitat que els afecten i expressar la seva opini\u00f3 en un acte p\u00fablic presidit per l'alcalde de la ciutat.<\/p><p>\u00a0\u00a0 Projecte Erasmus. Uni\u00f3 Europea, Departament d'Educaci\u00f3 i Ministeri d'Educaci\u00f3<\/p><p>\u00a0\u00a0 El projecte Erasmus parteix de la Uni\u00f3 Europea i \u00e9s gestionat pel Departament d'Educaci\u00f3 i el Ministeri d'Educaci\u00f3 i Ci\u00e8ncia. Pret\u00e9n impulsar la mobilitat d'idees, de professionals i d'alumnes, promovent l'intercanvi cultural entre persones origin\u00e0ries de diferents pa\u00efsos europeus involucrades i compromeses amb el m\u00f3n de l'educaci\u00f3.<\/p><p>\u00a0\u00a0 El projecte involucra tots els grups de l'escola, mitjan\u00e7ant activitats que potenci\u00efn la qualitat de vida de les persones amb algun tipus de discapacitat, amb l'objectiu de poder-lo compartir amb altres escoles d'Europa, realitzant intercanvis d'alumnes.<\/p><p>\u00a0\u00a0<\/p><p>\u00a0<\/p><p>EQUIP DE PROFESSIONALS<\/p><p>\u00a0<\/p><p>L'equip de professionals est\u00e0 format per:<\/p><p>\u00a0<\/p><p>\u00a0\u00a0 Mestres d'educaci\u00f3 especial<\/p><p>\u00a0\u00a0 Pedagog\/a terapeutes<\/p><p>\u00a0\u00a0 Psic\u00f2leg \/a<\/p><p>\u00a0\u00a0 Logopeda<\/p><p>\u00a0\u00a0 Treballador\/a social<\/p><p>\u00a0\u00a0 Educadors\/es<\/p><p>\u00a0\u00a0 Mestre d'educaci\u00f3 f\u00edsica i fisioterapeuta<\/p><p>\u00a0<\/p><p>HORARIS<\/p><p>\u00a0<\/p><p>Els horaris de l'escola son, de dilluns a divendres, de 9 a 12,30 i de 15 a 17.<\/p><p>ALTRES SERVEIS<\/p><p>\u00a0<\/p><p>\u00a0\u00a0 Servei de Menjador<\/p><p>\u00a0<\/p><p>\u00a0\u00a0 L'escola ofereix servei de menjador, amb cuina pr\u00f2pia i amb men\u00fas elaborats per una dietista. L'horari de menjador \u00e9s dilluns a divendres de 12,30 a 15.<\/p><p>\u00a0\u00a0 Activitats Complement\u00e0ries<\/p><p>\u00a0<\/p><p>\u00a0\u00a0 Despr\u00e9s de l'horari de menjador, s'ofereixen tot un seguit d'activitats guiades per educadors i educadores, amb grups redu\u00efts de 8 alumnes:<\/p><p>\u00a0<\/p><p>\u00a0\u00a0\u00a0\u00a0\u00a0\u00a0 Rac\u00f3 de b\u00e0squet.<\/p><p>\u00a0\u00a0\u00a0\u00a0\u00a0\u00a0 Rac\u00f3 d'artistes.<\/p><p>\u00a0\u00a0\u00a0\u00a0\u00a0\u00a0 Rac\u00f3 d'imatge.<\/p><p>\u00a0\u00a0\u00a0\u00a0\u00a0\u00a0 Rac\u00f3 de videof\u00f2rum.<\/p><p>\u00a0\u00a0\u00a0\u00a0\u00a0\u00a0 Rac\u00f3 de ioga.<\/p><p>\u00a0\u00a0\u00a0\u00a0\u00a0\u00a0 Rac\u00f3 de jocs.<\/p><p>\u00a0<\/p><p>\u00a0\u00a0 Activitats Extraescolars<\/p><p>\u00a0<\/p><p>\u00a0\u00a0 Les activitats que ofereix l'escola son obertes al barri:<\/p><p>\u00a0<\/p><p>\u00a0\u00a0\u00a0\u00a0\u00a0\u00a0 B\u00e0squet<\/p><p>\u00a0\u00a0\u00a0\u00a0 Tennis Taula<\/p><p>\u00a0\u00a0\u00a0\u00a0\u00a0\u00a0 Teatre i Rodant i Acci\u00f3<\/p><p>\u00a0\u00a0\u00a0\u00a0\u00a0\u00a0 Hip Hop<\/p><p>\u00a0\u00a0\u00a0\u00a0\u00a0\u00a0 Refor\u00e7 escolar<\/p><p>\u00a0\u00a0\u00a0\u00a0\u00a0\u00a0 Angl\u00e8s<\/p><p>\u00a0\u00a0\u00a0\u00a0 Fem de Periodistes<\/p>","_et_gb_content_width":"","footnotes":""},"class_list":["post-115","page","type-page","status-publish","hentry"],"yoast_head":"<!-- This site is optimized with the Yoast SEO plugin v26.9 - https:\/\/yoast.com\/product\/yoast-seo-wordpress\/ -->\n<title>Per qu\u00e8 ser voluntari? - Voluntariat<\/title>\n<meta name=\"robots\" content=\"index, follow, max-snippet:-1, max-image-preview:large, max-video-preview:-1\" \/>\n<link rel=\"canonical\" href=\"https:\/\/acidh.org\/voluntariat\/per-que-ser-voluntari\/\" \/>\n<meta property=\"og:locale\" content=\"es_ES\" \/>\n<meta property=\"og:type\" content=\"article\" \/>\n<meta property=\"og:title\" content=\"Per qu\u00e8 ser voluntari? - Voluntariat\" \/>\n<meta property=\"og:description\" content=\"Voluntariat Quan va n\u00e9ixer l&#039;ACIDH nom\u00e9s comptava per tirar endavant amb l&#039;ajuda de voluntaris que volien col\u00b7laborar amb el projecte. \u00c9s per aix\u00f2 que actualment el voluntariat \u00e9s una de les peces fonamentals que fan possible que el projecte segueixi viu i en continu creixement. Des de l&#039;ACIDH oferim la possibilitat de dur a terme [&hellip;]\" \/>\n<meta property=\"og:url\" content=\"https:\/\/acidh.org\/voluntariat\/per-que-ser-voluntari\/\" \/>\n<meta property=\"og:site_name\" content=\"Voluntariat\" \/>\n<meta property=\"article:modified_time\" content=\"2019-03-22T10:07:57+00:00\" \/>\n<meta name=\"twitter:card\" content=\"summary_large_image\" \/>\n<meta name=\"twitter:label1\" content=\"Tiempo de lectura\" \/>\n\t<meta name=\"twitter:data1\" content=\"2 minutos\" \/>\n<script type=\"application\/ld+json\" class=\"yoast-schema-graph\">{\"@context\":\"https:\/\/schema.org\",\"@graph\":[{\"@type\":\"WebPage\",\"@id\":\"https:\/\/acidh.org\/voluntariat\/per-que-ser-voluntari\/\",\"url\":\"https:\/\/acidh.org\/voluntariat\/per-que-ser-voluntari\/\",\"name\":\"Per qu\u00e8 ser voluntari? - Voluntariat\",\"isPartOf\":{\"@id\":\"https:\/\/acidh.org\/voluntariat\/#website\"},\"datePublished\":\"2015-10-12T15:09:37+00:00\",\"dateModified\":\"2019-03-22T10:07:57+00:00\",\"breadcrumb\":{\"@id\":\"https:\/\/acidh.org\/voluntariat\/per-que-ser-voluntari\/#breadcrumb\"},\"inLanguage\":\"es\",\"potentialAction\":[{\"@type\":\"ReadAction\",\"target\":[\"https:\/\/acidh.org\/voluntariat\/per-que-ser-voluntari\/\"]}]},{\"@type\":\"BreadcrumbList\",\"@id\":\"https:\/\/acidh.org\/voluntariat\/per-que-ser-voluntari\/#breadcrumb\",\"itemListElement\":[{\"@type\":\"ListItem\",\"position\":1,\"name\":\"Portada\",\"item\":\"https:\/\/acidh.org\/voluntariat\/\"},{\"@type\":\"ListItem\",\"position\":2,\"name\":\"Per qu\u00e8 ser voluntari?\"}]},{\"@type\":\"WebSite\",\"@id\":\"https:\/\/acidh.org\/voluntariat\/#website\",\"url\":\"https:\/\/acidh.org\/voluntariat\/\",\"name\":\"Voluntariat\",\"description\":\"AcidH\",\"potentialAction\":[{\"@type\":\"SearchAction\",\"target\":{\"@type\":\"EntryPoint\",\"urlTemplate\":\"https:\/\/acidh.org\/voluntariat\/?s={search_term_string}\"},\"query-input\":{\"@type\":\"PropertyValueSpecification\",\"valueRequired\":true,\"valueName\":\"search_term_string\"}}],\"inLanguage\":\"es\"}]}<\/script>\n<!-- \/ Yoast SEO plugin. -->","yoast_head_json":{"title":"Per qu\u00e8 ser voluntari? - Voluntariat","robots":{"index":"index","follow":"follow","max-snippet":"max-snippet:-1","max-image-preview":"max-image-preview:large","max-video-preview":"max-video-preview:-1"},"canonical":"https:\/\/acidh.org\/voluntariat\/per-que-ser-voluntari\/","og_locale":"es_ES","og_type":"article","og_title":"Per qu\u00e8 ser voluntari? - Voluntariat","og_description":"Voluntariat Quan va n\u00e9ixer l'ACIDH nom\u00e9s comptava per tirar endavant amb l'ajuda de voluntaris que volien col\u00b7laborar amb el projecte. \u00c9s per aix\u00f2 que actualment el voluntariat \u00e9s una de les peces fonamentals que fan possible que el projecte segueixi viu i en continu creixement. Des de l'ACIDH oferim la possibilitat de dur a terme [&hellip;]","og_url":"https:\/\/acidh.org\/voluntariat\/per-que-ser-voluntari\/","og_site_name":"Voluntariat","article_modified_time":"2019-03-22T10:07:57+00:00","twitter_card":"summary_large_image","twitter_misc":{"Tiempo de lectura":"2 minutos"},"schema":{"@context":"https:\/\/schema.org","@graph":[{"@type":"WebPage","@id":"https:\/\/acidh.org\/voluntariat\/per-que-ser-voluntari\/","url":"https:\/\/acidh.org\/voluntariat\/per-que-ser-voluntari\/","name":"Per qu\u00e8 ser voluntari? - Voluntariat","isPartOf":{"@id":"https:\/\/acidh.org\/voluntariat\/#website"},"datePublished":"2015-10-12T15:09:37+00:00","dateModified":"2019-03-22T10:07:57+00:00","breadcrumb":{"@id":"https:\/\/acidh.org\/voluntariat\/per-que-ser-voluntari\/#breadcrumb"},"inLanguage":"es","potentialAction":[{"@type":"ReadAction","target":["https:\/\/acidh.org\/voluntariat\/per-que-ser-voluntari\/"]}]},{"@type":"BreadcrumbList","@id":"https:\/\/acidh.org\/voluntariat\/per-que-ser-voluntari\/#breadcrumb","itemListElement":[{"@type":"ListItem","position":1,"name":"Portada","item":"https:\/\/acidh.org\/voluntariat\/"},{"@type":"ListItem","position":2,"name":"Per qu\u00e8 ser voluntari?"}]},{"@type":"WebSite","@id":"https:\/\/acidh.org\/voluntariat\/#website","url":"https:\/\/acidh.org\/voluntariat\/","name":"Voluntariat","description":"AcidH","potentialAction":[{"@type":"SearchAction","target":{"@type":"EntryPoint","urlTemplate":"https:\/\/acidh.org\/voluntariat\/?s={search_term_string}"},"query-input":{"@type":"PropertyValueSpecification","valueRequired":true,"valueName":"search_term_string"}}],"inLanguage":"es"}]}},"_links":{"self":[{"href":"https:\/\/acidh.org\/voluntariat\/wp-json\/wp\/v2\/pages\/115","targetHints":{"allow":["GET"]}}],"collection":[{"href":"https:\/\/acidh.org\/voluntariat\/wp-json\/wp\/v2\/pages"}],"about":[{"href":"https:\/\/acidh.org\/voluntariat\/wp-json\/wp\/v2\/types\/page"}],"author":[{"embeddable":true,"href":"https:\/\/acidh.org\/voluntariat\/wp-json\/wp\/v2\/users\/1"}],"replies":[{"embeddable":true,"href":"https:\/\/acidh.org\/voluntariat\/wp-json\/wp\/v2\/comments?post=115"}],"version-history":[{"count":45,"href":"https:\/\/acidh.org\/voluntariat\/wp-json\/wp\/v2\/pages\/115\/revisions"}],"predecessor-version":[{"id":1219,"href":"https:\/\/acidh.org\/voluntariat\/wp-json\/wp\/v2\/pages\/115\/revisions\/1219"}],"wp:attachment":[{"href":"https:\/\/acidh.org\/voluntariat\/wp-json\/wp\/v2\/media?parent=115"}],"curies":[{"name":"wp","href":"https:\/\/api.w.org\/{rel}","templated":true}]}}