{"id":146,"date":"2015-10-12T07:28:54","date_gmt":"2015-10-12T07:28:54","guid":{"rendered":"https:\/\/www.acidh.org\/voluntariat\/avis-legal\/"},"modified":"2017-11-22T11:50:05","modified_gmt":"2017-11-22T11:50:05","slug":"avis-legal","status":"publish","type":"page","link":"https:\/\/acidh.org\/voluntariat\/avis-legal\/","title":{"rendered":"Av\u00eds legal"},"content":{"rendered":"<p>En compliment de la Llei 34\/2002 de Serveis de la Societat de la Informaci\u00f3 i de Comer\u00e7 Electr\u00f2nic d\u2019Espanya, li informem que aquesta p\u00e0gina Web \u00e9s propietat de Associaci\u00f3 Catalana d&#8217;Integraci\u00f3 i Desenvolupament Hum\u00e0 , amb domicili a Carrer de Siracusa, 53, 08012 Barcelona amb CIF. n\u00ba G-60531100 i inscrita al Registre de Fundacions de la Generalitat de Catalunya, amb el n\u00famero 15324.<\/p>\n<p>Per a qualsevol consulta o proposta, contacti\u2019ns en l\u2019 e-mail a <a href=\"mailto:acidh@acidh.org\">acidh@acidh.org<\/a>, o en el tel\u00e8fon 932 10 20 82.<\/p>\n<p>Aquesta p\u00e0gina Web es regeix per la normativa exclusivament aplicable a Espanya, quedant sotmesa a ella, tant nacionals com estrangers que utilitzin aquesta Web.<\/p>\n<p>L\u2019acc\u00e9s a la nostra p\u00e0gina Web per part de l\u2019 USUARI \u00e9s gratu\u00eft i est\u00e0 condicionat a la pr\u00e8via lectura i acceptaci\u00f3 integra, expressa i sense reserves de les presents <strong>CONDICIONS GENERALS D\u2019\u00daS<\/strong> vigents en el moment de l\u2019acc\u00e9s, que preguem llegeixi detingudament. L\u2019USUARI en el moment que utilitza el nostre portal, els seus continguts o serveis, accepta i <strong>se sotmet expressament a les condicions generals d\u2019\u00fas<\/strong> del mateix. Si l\u2019usuari no estigu\u00e9s d\u2019acord amb les presents condicions d\u2019\u00fas, haur\u00e0 d\u2019abstenir-se d\u2019utilitzar aquest portal i d\u2019operar per mitj\u00e0 del mateix.<\/p>\n<p>En qualsevol moment podrem modificar la presentaci\u00f3 i configuraci\u00f3 de la nostra Web, ampliar o reduir serveis, i fins i tot suprimir-la de la Xarxa, aix\u00ed com els serveis i continguts prestats, tot aix\u00f2 de forma unilateral i sense previ av\u00eds.<\/p>\n<h2>Propietat intel\u00b7lectual<\/h2>\n<p>Tots els continguts, textos, imatges, i codis font s\u00f3n propietat de <strong>acidh <\/strong>o de tercers als quals s\u2019han adquirit els seus drets d\u2019explotaci\u00f3, i estan protegits pels drets de Propietat Intel\u00b7lectual i Industrial.<\/p>\n<p>L\u2019usuari \u00fanicament t\u00e9 dret a un \u00fas privat dels mateixos, sense \u00e0nim de lucre, i necessita autoritzaci\u00f3 expressa de <strong>acidh <\/strong>i\/o el titular dels drets per a modificar-los, reproduir-los, explotar-los, distribuir-los o qualsevol dret pertanyent al seu titular.<\/p>\n<p>L\u2019establiment d\u2019enlla\u00e7os al nostre portal no confereix cap dret sobre el mateix, i s\u2019autoritza exclusivament a permetre l\u2019acc\u00e9s a la nostra web, quedant prohibida en altres p\u00e0gines la reproducci\u00f3 total o parcial de les imatges i continguts del nostre portal. Aix\u00ed mateix, el simple fet d\u2019establir un enlla\u00e7 a la nostra p\u00e0gina web no d\u00f3na dret a atorgar- se la categoria de col\u00b7laborador o soci de <strong>acidh<\/strong>.<\/p>\n<p>Est\u00e0 absolutament prohibida la imitaci\u00f3 ja sigui total o parcial del nostre portal.<\/p>\n<h2>Condicions d\u2019acc\u00e9s<\/h2>\n<p>L\u2019acc\u00e9s a la nostra p\u00e0gina Web \u00e9s gratu\u00eft i no exigeix pr\u00e8via subscripci\u00f3 o registre. No obstant aix\u00f2, <strong>acidh <\/strong>es reserva el dret d\u2019oferir serveis que requereixin el registre previ de l\u2019usuari. En tot cas, aquests serveis quedaran degudament identificats en la Web, amb f\u00e0cils indicacions per al seu registre.<\/p>\n<p>L\u2019usuari ha d\u2019accedir a la nostra p\u00e0gina Web conforme a la bona fe, les normes d\u2019ordre p\u00fablic i a les presents Condicions Generals d\u2019\u00das. L\u2019acc\u00e9s al nostre lloc Web es realitza sota la pr\u00f2pia i exclusiva responsabilitat de l\u2019usuari, que respondr\u00e0 en tot cas dels danys i perjudicis que pugui causar a tercers o a nosaltres mateixos.<\/p>\n<p>L\u2019usuari t\u00e9 expressament prohibit la utilitzaci\u00f3 i obtenci\u00f3 dels serveis i continguts oferts en la present p\u00e0gina web, per procediments distints als estipulats en les presents condicions d\u2019\u00fas, i si escau, en les condicions particulars que regulin l\u2019adquisici\u00f3 de determinats serveis.<\/p>\n<p>Tenint en compte la impossibilitat de control respecte a la informaci\u00f3, continguts i serveis que continguin altres websites a les quals es pugui accedir a trav\u00e9s dels enlla\u00e7os que la nostra p\u00e0gina web posa a la seva disposici\u00f3, li comuniquem que <strong>acidh<\/strong> queda eximida de qualsevol responsabilitat pels danys i perjudicis de tota classe que poguessin derivar per la utilitzaci\u00f3 d\u2019aquestes p\u00e0gines web alienes a la nostra empresa per part de l\u2019usuari.<\/p>\n<p><strong>acidh <\/strong>es reserva el dret d\u2019exercitar les accions legals oportunes contra aquells USUARIS que vulnerin les presents condicions generals d\u2019\u00fas, acceptant l\u2019 USUARI que la no iniciaci\u00f3 d\u2019aquestes accions no constitueix una ren\u00fancia formal als mateixes, romanent aquestes vigents fins als terminis de prescripci\u00f3 de les infraccions.<\/p>\n<h2>Protecci\u00f3 de dades personals<\/h2>\n<p>La confidencialitat, el secret professional i la seguretat s\u00f3n valors primordials de <strong>acidh,<\/strong> que assumeix el comprom\u00eds de garantir la privadesa de l\u2019usuari o visitant en tot moment, i en totes les interaccions amb aquell. <strong>acidh <\/strong>assumeix tamb\u00e9 el comprom\u00eds de no recaptar informaci\u00f3 innecess\u00e0ria sobre l\u2019Usuari. Aix\u00ed mateix, ens comprometem a tractar amb extrema dilig\u00e8ncia la informaci\u00f3 personal que l\u2019Usuari pugui facilitar a trav\u00e9s de la nostra web.<\/p>\n<p>De conformitat amb la Llei Org\u00e0nica 15\/1999 de Protecci\u00f3 de Dades de Car\u00e0cter Personal (LOPD), i Reial decret 1720\/2007 de desenvolupament de la LOPD, li informem que la utilitzaci\u00f3 de determinats serveis en la nostra p\u00e0gina web requereix que ens faciliti determinades dades personals a trav\u00e9s de formularis de registre o mitjan\u00e7ant l\u2019enviament de missatges de correu electr\u00f2nic, i que aquests seran objecte de tractament i incorporats als fitxers de <strong>acidh<\/strong>, titular i responsable del mateix. L\u2019enviament referit de les dades personals constitueix el consentiment expr\u00e9s al tractament dels mateixos, si b\u00e9 de car\u00e0cter revocable i sense efectes retroactius.<\/p>\n<p>Aix\u00ed mateix li informem que tots els nostres fitxers es troben legalment inscrits en el Registre General de Dades Personals de l\u2019Ag\u00e8ncia Espanyola de Protecci\u00f3 de Dades, aix\u00ed com que per a salvaguardar la seguretat de les seves dades personals s\u2019aplicaran les mesures de seguretat t\u00e8cniques i organitzatives exigides en el Reial decret 1720\/2007 que regula el reglament de mesures de seguretat dels fitxers que continguin dades de car\u00e0cter personal.<\/p>\n<h3>\u00das de les seves dades personals<\/h3>\n<p>Les dades que li sol\u00b7licitem s\u00f3n les adequades, pertinents i estrictament necess\u00e0ries per a la finalitat per la que es recullen, i <strong>en cap cas est\u00e0 obligat a facilitar-nos-les. <\/strong>Aix\u00ed mateix, ens certifica que totes les dades que ens facilita s\u00f3n certes, veraces i pertinents per a la finalitat per a la qual les sol\u00b7licitem.<\/p>\n<p>La nostra p\u00e0gina Web recull les seves dades personals mitjan\u00e7ant la recepci\u00f3 de diversos formularis i a trav\u00e9s del correu electr\u00f2nic on pot sol\u00b7licitar-nos qualsevol tipus d\u2019informaci\u00f3, aclariment o dubte. L\u2019enviament dels mateixos implica la seva autoritzaci\u00f3 a incorporar-los als nostres fitxers corresponents, si <strong>acidh <\/strong>ho considera convenient, i aquests estaran regulats per les presents pol\u00edtiques de privadesa. Les seves dades seran incorporades als nostres fitxers de tractament de dades.<\/p>\n<p><strong>acidh<\/strong> es reserva el dret de decidir la incorporaci\u00f3 o no de les seves dades personals als seus fitxers.<\/p>\n<h3>Recepci\u00f3 de Curr\u00edculums Vitae<\/h3>\n<p>En el cas d\u2019enviar-nos el seu curr\u00edculum vitae, en virtut de la Llei de Protecci\u00f3 de Dades Personals, li informem que les seves dades personals s\u2019incorporaran als nostres fitxers, amb la finalitat de disposar del seu curr\u00edculum per dur a terme processos de selecci\u00f3 de personal si el seu perfil professional s\u2019ajusta a les nostres necessitats. Mentre no cancel\u00b7li expressament les seves dades personals dels nostres fitxers, entenem que continua interessat en formar part dels mateixos per a processos de selecci\u00f3 futurs. Amb la finalitat de mantenir actualitzats els nostres fitxers de dades personals, preguem ens comuniqui qualsevol canvi o modificaci\u00f3 que es produeixi en els mateixos.<\/p>\n<h3>Drets d\u2019acc\u00e9s, rectificaci\u00f3, cancel\u00b7laci\u00f3 de les seves dades personals<\/h3>\n<p>En qualsevol moment pot oposar-se als nostres enviaments comercials, aix\u00ed com exercir els seus drets d\u2019acc\u00e9s, rectificaci\u00f3 i cancel\u00b7laci\u00f3 en els termes establerts legalment, mitjan\u00e7ant escrit signat dirigit a <strong>acidh <\/strong>a la direcci\u00f3 Carrer de Siracusa, 53, 08012 Barcelona o mitjan\u00e7ant correu electr\u00f2nic a la direcci\u00f3 acidh@acidh.org aportant-nos c\u00f2pia del seu D. N. I.<\/p>\n<h3>Comunicacions de dades<\/h3>\n<p><strong>acidh <\/strong>li informa que les seves dades s\u00f3n tractades confidencialment i s\u00f3n utilitzades exclusivament de manera interna i per a les finalitats indicades. Per tant, no cedim ni comuniquem a cap tercer les seves dades, excepte en els casos legalment previstos, o en que l\u2019 USUARI ens ho autoritzi expressament.<\/p>\n<h3>Seguretat de les seves dades personals<\/h3>\n<p>Amb l\u2019objectiu de salvaguardar la seguretat de les seves dades personals, li informem que <strong>acidh <\/strong>ha adoptat totes les mesures d\u2019\u00edndole t\u00e8cnica i organitzativa necess\u00e0ries per a garantir la seguretat de les dades personals subministrades de la seva alteraci\u00f3, p\u00e8rdua, i tractaments o accessos no autoritzats, tal com exigeix el Reial decret 1720\/2007 regula el reglament de mesures de seguretat dels fitxers que continguin dades de car\u00e0cter personal.<\/p>\n<h3>Actualitzaci\u00f3 de les seves dades<\/h3>\n<p>\u00c9s important que perqu\u00e8 puguem mantenir les seves dades personals actualitzades, ens informi sempre que hi hagi hagut alguna modificaci\u00f3 en elles, en cas contrari, no responem de la veracitat de les mateixes.<\/p>\n<p>Considerem que si no cancel\u00b7la les seves dades personals expressament dels nostres fitxers, continua interessat a seguir incorporat als mateixos fins que <strong>acidh <\/strong>ho consideri oport\u00fa i mentre sigui adequat a la finalitat per a la qual es van obtenir.<\/p>\n<p><strong>acidh<\/strong> no es fa responsable de la pol\u00edtica de privadesa respecte a les dades personals que pugui facilitar a tercers per mitj\u00e0 dels enlla\u00e7os disponibles en la nostra p\u00e0gina web.<\/p>\n<p><strong>acidh <\/strong>pot modificar les presents pol\u00edtiques de privadesa per a adaptar-les a les modificacions que es produeixin en la nostra web, aix\u00ed com modificacions legislatives o jurisprudencials sobre dades personals que vagin apareixent, per la qual cosa exigeix la seva lectura, cada vegada que ens faciliti les seves dades a trav\u00e9s d\u2019aquesta Web.<\/p>\n<h3>Cookies<\/h3>\n<p><strong>acidh <\/strong>podr\u00e0 utilitzar cookies durant la prestaci\u00f3 del servei del Portal. Les cookies s\u00f3n procediments autom\u00e0tics de recollida d\u2019informaci\u00f3 relativa a les prefer\u00e8ncies determinades per un usuari durant la seva visita a una determinada p\u00e0gina web. Aquesta informaci\u00f3 es registra en petits arxius que s\u00f3n guardats en els equips inform\u00e0tics de l\u2019usuari corresponent de forma imperceptible. Cada vegada que l\u2019usuari torna a accedir al lloc web en q\u00fcesti\u00f3 aquests arxius s\u2019activen autom\u00e0ticament de manera que es configura el lloc web amb les prefer\u00e8ncies assenyalades en anteriors visites. En definitiva, les cookies s\u00f3n fitxers f\u00edsics d\u2019informaci\u00f3 personal allotjats en el propi terminal de l\u2019usuari i associats inequ\u00edvocament a aquest terminal. Les cookies no poden llegir els arxius cookie creats per altres prove\u00efdors.<\/p>\n<p>L\u2019Usuari t\u00e9 la possibilitat de configurar el seu programa navegador de manera que s\u2019impedeixi la creaci\u00f3 d\u2019arxius cookie o s\u2019adverteixi del moment en qu\u00e8 aix\u00f2 passa. El Portal \u00e9s accessible sense necessitat que estiguin activades les opcions referents als arxius cookie, si b\u00e9 poden impedir el correcte funcionament de mecanismes de seguretat per a serveis exclusius o determinats serveis que requereixen d\u2019una major seguretat. Per norma general, la finalitat dels arxius cookie del Portal \u00e9s la de facilitar la navegaci\u00f3 de l\u2019Usuari.<\/p>\n<h2>Responsabilitats<\/h2>\n<p>Al posar a la disposici\u00f3 de l\u2019usuari aquesta p\u00e0gina Web volem oferir-li tot un seguit de continguts i serveis de qualitat, utilitzant la m\u00e0xima dilig\u00e8ncia en la prestaci\u00f3 dels mateixos aix\u00ed com en els mitjans tecnol\u00f2gics utilitzats. No obstant aix\u00f2, no respondrem de la pres\u00e8ncia de virus i altres elements que d\u2019alguna manera puguin danyar el sistema inform\u00e0tic de l\u2019usuari.<\/p>\n<p>L\u2019USUARI t\u00e9 prohibit qualsevol tipus d\u2019acci\u00f3 sobre el nostre portal que origini una excessiva sobrec\u00e0rrega de funcionament als nostres sistemes inform\u00e0tics, aix\u00ed com la introducci\u00f3 de virus, o instal\u00b7laci\u00f3 de robots, o software que alteri el normal funcionament de la nostra web, o en definitiva pugui causar danys als nostres sistemes inform\u00e0tics.<\/p>\n<p>L\u2019usuari assumeix tota la responsabilitat derivada de l\u2019\u00fas de la nostra p\u00e0gina web, sent l\u2019\u00fanic responsable de tot efecte directe o indirecte que sobre la p\u00e0gina web es derivi, incloent, de forma enunciativa i no limitativa, tot resultat econ\u00f2mic, t\u00e8cnic i\/o jur\u00eddic advers, aix\u00ed com la defraudaci\u00f3 de les expectatives generades pel nostre portal, obligant-se l\u2019usuari a mantenir indemne a <strong>acidh <\/strong>per qualsevol reclamacions derivades, directa o indirectament de tals fets.<\/p>\n<p><strong>acidh <\/strong>queda exonerat de responsabilitat per qualsevol reclamaci\u00f3 respecte als drets de propietat intel\u00b7lectual dels articles i imatges publicades en el seu portal, aix\u00ed com, no garanteix l\u2019exactitud, veracitat i vig\u00e8ncia dels continguts d\u2019aquesta p\u00e0gina web, ja siguin propis, de tercers, o enlla\u00e7os a altres websites, quedant totalment exonerada de qualsevol responsabilitat derivada de l\u2019\u00fas dels mateixos.<\/p>\n<p><strong>acidh <\/strong>queda exonerada de qualsevol responsabilitat derivada de qualsevol reclamaci\u00f3, incl\u00f2s el pagament d\u2019honoraris a advocats, per les demandes i reclamacions originades per tercers per l\u2019 incompliment per part de l\u2019 USUARI de les nostres condicions d\u2019\u00fas, acc\u00e9s i pol\u00edtica de privadesa, o qualssevol altra reclamaci\u00f3 per l\u2019 incompliment de la legislaci\u00f3 vigent.<\/p>\n<p>L\u2019USUARI reconeix que ha ent\u00e8s tota la informaci\u00f3 respecte a les condicions d\u2019\u00fas del nostre portal, i reconeix que s\u00f3n suficients per a l\u2019exclusi\u00f3 de l\u2019error en les mateixes, i per tant, les accepta integra i expressament.<\/p>\n<p>L\u2019USUARI \u00e9s plenament conscient que la mera navegaci\u00f3 per la present p\u00e0gina web, aix\u00ed com la utilitzaci\u00f3 dels seus serveis, implica l\u2019acceptaci\u00f3 de les presents condicions d\u2019\u00fas.<\/p>\n<p>Tot el referent a la nostra p\u00e0gina web, es regeix exclusivament per les lleis espanyoles. En el cas que es produeixi qualsevol tipus de discrep\u00e0ncia o difer\u00e8ncia entre les parts en relaci\u00f3 amb la interpretaci\u00f3 i contingut de la present p\u00e0gina web, totes les parts se sotmeten, amb ren\u00fancia expressa a qualsevol altre fur, als Jutjats i Tribunals de la prov\u00edncia de la ciutat on es troba la seu central, a dalt indicada.<br \/>\nPer a qualsevol q\u00fcesti\u00f3 respecte a les Condicions d\u2019\u00das de la nostra p\u00e0gina web pot posar-se en contacte amb nosaltres en les dades a dalt indicades.<\/p>\n","protected":false},"excerpt":{"rendered":"<p>En compliment de la Llei 34\/2002 de Serveis de la Societat de la Informaci\u00f3 i de Comer\u00e7 Electr\u00f2nic d\u2019Espanya, li informem que aquesta p\u00e0gina Web \u00e9s propietat de Associaci\u00f3 Catalana d&#8217;Integraci\u00f3 i Desenvolupament Hum\u00e0 , amb domicili a Carrer de Siracusa, 53, 08012 Barcelona amb CIF. n\u00ba G-60531100 i inscrita al Registre de Fundacions de [&hellip;]<\/p>\n","protected":false},"author":3,"featured_media":0,"parent":0,"menu_order":0,"comment_status":"closed","ping_status":"closed","template":"","meta":{"_et_pb_use_builder":"","_et_pb_old_content":"","_et_gb_content_width":"","footnotes":""},"class_list":["post-146","page","type-page","status-publish","hentry"],"yoast_head":"<!-- This site is optimized with the Yoast SEO plugin v26.9 - https:\/\/yoast.com\/product\/yoast-seo-wordpress\/ -->\n<title>Av\u00eds legal - Voluntariat<\/title>\n<meta name=\"robots\" content=\"index, follow, max-snippet:-1, max-image-preview:large, max-video-preview:-1\" \/>\n<link rel=\"canonical\" href=\"https:\/\/acidh.org\/voluntariat\/avis-legal\/\" \/>\n<meta property=\"og:locale\" content=\"es_ES\" \/>\n<meta property=\"og:type\" content=\"article\" \/>\n<meta property=\"og:title\" content=\"Av\u00eds legal - Voluntariat\" \/>\n<meta property=\"og:description\" content=\"En compliment de la Llei 34\/2002 de Serveis de la Societat de la Informaci\u00f3 i de Comer\u00e7 Electr\u00f2nic d\u2019Espanya, li informem que aquesta p\u00e0gina Web \u00e9s propietat de Associaci\u00f3 Catalana d&#8217;Integraci\u00f3 i Desenvolupament Hum\u00e0 , amb domicili a Carrer de Siracusa, 53, 08012 Barcelona amb CIF. n\u00ba G-60531100 i inscrita al Registre de Fundacions de [&hellip;]\" \/>\n<meta property=\"og:url\" content=\"https:\/\/acidh.org\/voluntariat\/avis-legal\/\" \/>\n<meta property=\"og:site_name\" content=\"Voluntariat\" \/>\n<meta property=\"article:modified_time\" content=\"2017-11-22T11:50:05+00:00\" \/>\n<meta name=\"twitter:card\" content=\"summary_large_image\" \/>\n<meta name=\"twitter:label1\" content=\"Tiempo de lectura\" \/>\n\t<meta name=\"twitter:data1\" content=\"12 minutos\" \/>\n<script type=\"application\/ld+json\" class=\"yoast-schema-graph\">{\"@context\":\"https:\/\/schema.org\",\"@graph\":[{\"@type\":\"WebPage\",\"@id\":\"https:\/\/acidh.org\/voluntariat\/avis-legal\/\",\"url\":\"https:\/\/acidh.org\/voluntariat\/avis-legal\/\",\"name\":\"Av\u00eds legal - Voluntariat\",\"isPartOf\":{\"@id\":\"https:\/\/acidh.org\/voluntariat\/#website\"},\"datePublished\":\"2015-10-12T07:28:54+00:00\",\"dateModified\":\"2017-11-22T11:50:05+00:00\",\"breadcrumb\":{\"@id\":\"https:\/\/acidh.org\/voluntariat\/avis-legal\/#breadcrumb\"},\"inLanguage\":\"es\",\"potentialAction\":[{\"@type\":\"ReadAction\",\"target\":[\"https:\/\/acidh.org\/voluntariat\/avis-legal\/\"]}]},{\"@type\":\"BreadcrumbList\",\"@id\":\"https:\/\/acidh.org\/voluntariat\/avis-legal\/#breadcrumb\",\"itemListElement\":[{\"@type\":\"ListItem\",\"position\":1,\"name\":\"Portada\",\"item\":\"https:\/\/acidh.org\/voluntariat\/\"},{\"@type\":\"ListItem\",\"position\":2,\"name\":\"Av\u00eds legal\"}]},{\"@type\":\"WebSite\",\"@id\":\"https:\/\/acidh.org\/voluntariat\/#website\",\"url\":\"https:\/\/acidh.org\/voluntariat\/\",\"name\":\"Voluntariat\",\"description\":\"AcidH\",\"potentialAction\":[{\"@type\":\"SearchAction\",\"target\":{\"@type\":\"EntryPoint\",\"urlTemplate\":\"https:\/\/acidh.org\/voluntariat\/?s={search_term_string}\"},\"query-input\":{\"@type\":\"PropertyValueSpecification\",\"valueRequired\":true,\"valueName\":\"search_term_string\"}}],\"inLanguage\":\"es\"}]}<\/script>\n<!-- \/ Yoast SEO plugin. -->","yoast_head_json":{"title":"Av\u00eds legal - Voluntariat","robots":{"index":"index","follow":"follow","max-snippet":"max-snippet:-1","max-image-preview":"max-image-preview:large","max-video-preview":"max-video-preview:-1"},"canonical":"https:\/\/acidh.org\/voluntariat\/avis-legal\/","og_locale":"es_ES","og_type":"article","og_title":"Av\u00eds legal - Voluntariat","og_description":"En compliment de la Llei 34\/2002 de Serveis de la Societat de la Informaci\u00f3 i de Comer\u00e7 Electr\u00f2nic d\u2019Espanya, li informem que aquesta p\u00e0gina Web \u00e9s propietat de Associaci\u00f3 Catalana d&#8217;Integraci\u00f3 i Desenvolupament Hum\u00e0 , amb domicili a Carrer de Siracusa, 53, 08012 Barcelona amb CIF. n\u00ba G-60531100 i inscrita al Registre de Fundacions de [&hellip;]","og_url":"https:\/\/acidh.org\/voluntariat\/avis-legal\/","og_site_name":"Voluntariat","article_modified_time":"2017-11-22T11:50:05+00:00","twitter_card":"summary_large_image","twitter_misc":{"Tiempo de lectura":"12 minutos"},"schema":{"@context":"https:\/\/schema.org","@graph":[{"@type":"WebPage","@id":"https:\/\/acidh.org\/voluntariat\/avis-legal\/","url":"https:\/\/acidh.org\/voluntariat\/avis-legal\/","name":"Av\u00eds legal - Voluntariat","isPartOf":{"@id":"https:\/\/acidh.org\/voluntariat\/#website"},"datePublished":"2015-10-12T07:28:54+00:00","dateModified":"2017-11-22T11:50:05+00:00","breadcrumb":{"@id":"https:\/\/acidh.org\/voluntariat\/avis-legal\/#breadcrumb"},"inLanguage":"es","potentialAction":[{"@type":"ReadAction","target":["https:\/\/acidh.org\/voluntariat\/avis-legal\/"]}]},{"@type":"BreadcrumbList","@id":"https:\/\/acidh.org\/voluntariat\/avis-legal\/#breadcrumb","itemListElement":[{"@type":"ListItem","position":1,"name":"Portada","item":"https:\/\/acidh.org\/voluntariat\/"},{"@type":"ListItem","position":2,"name":"Av\u00eds legal"}]},{"@type":"WebSite","@id":"https:\/\/acidh.org\/voluntariat\/#website","url":"https:\/\/acidh.org\/voluntariat\/","name":"Voluntariat","description":"AcidH","potentialAction":[{"@type":"SearchAction","target":{"@type":"EntryPoint","urlTemplate":"https:\/\/acidh.org\/voluntariat\/?s={search_term_string}"},"query-input":{"@type":"PropertyValueSpecification","valueRequired":true,"valueName":"search_term_string"}}],"inLanguage":"es"}]}},"_links":{"self":[{"href":"https:\/\/acidh.org\/voluntariat\/wp-json\/wp\/v2\/pages\/146","targetHints":{"allow":["GET"]}}],"collection":[{"href":"https:\/\/acidh.org\/voluntariat\/wp-json\/wp\/v2\/pages"}],"about":[{"href":"https:\/\/acidh.org\/voluntariat\/wp-json\/wp\/v2\/types\/page"}],"author":[{"embeddable":true,"href":"https:\/\/acidh.org\/voluntariat\/wp-json\/wp\/v2\/users\/3"}],"replies":[{"embeddable":true,"href":"https:\/\/acidh.org\/voluntariat\/wp-json\/wp\/v2\/comments?post=146"}],"version-history":[{"count":5,"href":"https:\/\/acidh.org\/voluntariat\/wp-json\/wp\/v2\/pages\/146\/revisions"}],"predecessor-version":[{"id":654,"href":"https:\/\/acidh.org\/voluntariat\/wp-json\/wp\/v2\/pages\/146\/revisions\/654"}],"wp:attachment":[{"href":"https:\/\/acidh.org\/voluntariat\/wp-json\/wp\/v2\/media?parent=146"}],"curies":[{"name":"wp","href":"https:\/\/api.w.org\/{rel}","templated":true}]}}